{"id":75,"date":"2020-01-27T08:29:32","date_gmt":"2020-01-27T08:29:32","guid":{"rendered":"https:\/\/demosites.io\/web-agency-gb\/?page_id=75"},"modified":"2024-11-22T13:19:38","modified_gmt":"2024-11-22T13:19:38","slug":"15c42-web-agency-gb-contact-us","status":"publish","type":"page","link":"https:\/\/imatges.mancovall.com\/mit39\/15c42-web-agency-gb-contact-us\/","title":{"rendered":"Cr\u00e8dits i contacte"},"content":{"rendered":"<p>[vc_row][vc_column][vc_column_text]<\/p>\r\n<div class=\"wp-block-cover alignfull\" style=\"min-height: 420px;aspect-ratio:unset;\">\r\n<p>&nbsp;<\/p>\r\n<div class=\"wp-block-cover__inner-container is-layout-flow wp-block-cover-is-layout-flow\">\r\n<div class=\"wp-block-spacer\" style=\"height: 80px;\" aria-hidden=\"true\">\u00a0<\/div>\r\n<br \/>\r\n<h2 class=\"wp-block-heading\"><mark class=\"has-inline-color has-neve-link-color-color\" style=\"background-color: rgba(0, 0, 0, 0);\">Cr\u00e8dits 39 Mostra Internacional de Titelles a la Vall d&#8217;Albaida<\/mark><\/h2>\r\n<br \/>\r\n<div class=\"wp-block-columns is-layout-flex wp-container-core-columns-is-layout-1 wp-block-columns-is-layout-flex\">\r\n<div class=\"wp-block-column is-layout-flow wp-block-column-is-layout-flow\"><mark class=\"has-inline-color\" style=\"background-color: rgba(0, 0, 0, 0); color: #7d7d7d;\"><strong>Direcci\u00f3 art\u00edstica<\/strong><br \/><\/mark><mark class=\"has-inline-color has-neve-link-color-color\" style=\"background-color: rgba(0, 0, 0, 0);\">Marisol Limi\u00f1ana<\/mark> \r\n<p><strong><span class=\"has-inline-color\" style=\"color: #7d7d7d;\">Coordinaci\u00f3 general<\/span><\/strong><br \/><span class=\"has-inline-color has-neve-link-color-color\">Marian Borrell<\/span><\/p>\r\n\r\n<p><strong><span class=\"has-inline-color\" style=\"color: #7d7d7d;\">Col\u00b7laboradors<\/span><\/strong><br \/><span class=\"has-inline-color has-neve-link-color-color\">V\u00edctor Albi\u00f1ana, In\u00e9s Alfonso, Marcos Ballester, Julio Biosca, Am\u00e0lia Bolinches, S\u00f3nia Dur\u00e1, Juli Fenollar, L\u00eddia Ferri, Nieves Ferri, Ester Jord\u00e0, Merc\u00e8 Ll\u00e0cer, Josep Marian, M. Jos\u00e9 Mart\u00ed, Soledad Mateos, Paula Momp\u00f3, Gemma Olivares, Gemma Pella, Ll\u00facia Roig, Raquel Rodr\u00edguez, J\u00falia Rodr\u00edguez, Gen\u00eds Tornero, Ester Tudela, Federico Vidal i Jordi Vila<\/span><\/p>\r\n\r\n<p><strong><mark class=\"has-inline-color\" style=\"background-color: rgba(0, 0, 0, 0); color: #7d7d7d;\">Disseny gr\u00e0fic<\/mark><\/strong><mark class=\"has-inline-color has-neve-link-color-color\" style=\"background-color: rgba(0, 0, 0, 0);\"><br \/>\u00c1lvaro Sanchis <\/mark><\/p>\r\n\r\n<p><strong><span class=\"has-inline-color\" style=\"color: #7d7d7d;\">V\u00eddeo<\/span><\/strong><span class=\"has-inline-color has-neve-link-color-color\"><br \/>Juan Calatayud<\/span><\/p>\r\n<\/div>\r\n<br \/>\r\n<div class=\"wp-block-column is-layout-flow wp-block-column-is-layout-flow\"><strong><span class=\"has-inline-color\" style=\"color: #7d7d7d;\">Seguiment fotogr\u00e0fic<\/span><\/strong><span class=\"has-inline-color has-neve-link-color-color\"><br \/>Tella fot\u00f2grafs<\/span> \r\n<p><mark class=\"has-inline-color\" style=\"background-color: rgba(0, 0, 0, 0); color: #7d7d7d;\"><strong>Assist\u00e8ncia t\u00e8cnica<\/strong><br \/><\/mark><mark class=\"has-inline-color has-neve-link-color-color\" style=\"background-color: rgba(0, 0, 0, 0);\">ServiSo<\/mark><\/p>\r\n\r\n<p><strong><span class=\"has-inline-color\" style=\"color: #7d7d7d;\">Realitzaci\u00f3 gr\u00e0fica<\/span><\/strong><span class=\"has-inline-color has-neve-link-color-color\"><br \/>EBP Publicidad<\/span><\/p>\r\n\r\n<p><mark class=\"has-inline-color\" style=\"background-color: rgba(0, 0, 0, 0); color: #7d7d7d;\"><strong>Manteniment i producci\u00f3 web<\/strong><br \/><\/mark><mark class=\"has-inline-color has-neve-link-color-color\" style=\"background-color: rgba(0, 0, 0, 0);\">Guillermo Garcia<\/mark><\/p>\r\n\r\n<p><mark class=\"has-inline-color\" style=\"background-color: rgba(0, 0, 0, 0); color: #7d7d7d;\"><strong>Premsa i comunicaci\u00f3<\/strong><br \/><\/mark><mark class=\"has-inline-color has-neve-link-color-color\" style=\"background-color: rgba(0, 0, 0, 0);\">ADAPTA comunicaci\u00f3<\/mark><\/p>\r\n\r\n<p><strong><span class=\"has-inline-color\" style=\"color: #7d7d7d;\">Organitzaci\u00f3, gesti\u00f3 i relaci\u00f3 institucional<\/span><\/strong><span class=\"has-inline-color has-neve-link-color-color\"><br \/>Mancomunitat de Municipis de la Vall d\u2019Albaida<\/span><\/p>\r\n<\/div>\r\n<\/div>\r\n<br \/>\r\n<div class=\"wp-block-columns is-layout-flex wp-container-core-columns-is-layout-2 wp-block-columns-is-layout-flex\">\r\n<div class=\"wp-block-column is-layout-flow wp-block-column-is-layout-flow\">\r\n<figure class=\"wp-block-image size-full is-resized is-style-default\"><img decoding=\"async\" width=\"382\" height=\"195\" class=\"wp-image-536\" style=\"width: 160px; height: 82px;\" src=\"http:\/\/mostratitelles.com\/mit36\/wp-content\/uploads\/2021\/09\/1-mit.png\" alt=\"\" srcset=\"https:\/\/imatges.mancovall.com\/mit39\/wp-content\/uploads\/2021\/09\/1-mit.png 382w, https:\/\/imatges.mancovall.com\/mit39\/wp-content\/uploads\/2021\/09\/1-mit-300x153.png 300w\" sizes=\"(max-width: 382px) 100vw, 382px\" \/><\/figure>\r\n<\/div>\r\n<br \/>\r\n<div class=\"wp-block-column is-layout-flow wp-block-column-is-layout-flow\">\r\n<figure class=\"wp-block-image size-full is-resized is-style-default\"><img decoding=\"async\" width=\"462\" height=\"195\" class=\"wp-image-537\" style=\"width: 180px; height: 76px;\" src=\"http:\/\/mostratitelles.com\/mit36\/wp-content\/uploads\/2021\/09\/2-manco.png\" alt=\"\" srcset=\"https:\/\/imatges.mancovall.com\/mit39\/wp-content\/uploads\/2021\/09\/2-manco.png 462w, https:\/\/imatges.mancovall.com\/mit39\/wp-content\/uploads\/2021\/09\/2-manco-300x127.png 300w\" sizes=\"(max-width: 462px) 100vw, 462px\" \/><\/figure>\r\n<\/div>\r\n<br \/>\r\n<div class=\"wp-block-column is-layout-flow wp-block-column-is-layout-flow\">\r\n<figure class=\"wp-block-image size-full\"><img decoding=\"async\" class=\"alignright wp-image-926 size-medium\" src=\"https:\/\/imatges.mancovall.com\/mit39\/wp-content\/uploads\/2024\/10\/3-dipusarc-300x86.png\" alt=\"\" width=\"300\" height=\"86\" srcset=\"https:\/\/imatges.mancovall.com\/mit39\/wp-content\/uploads\/2024\/10\/3-dipusarc-300x86.png 300w, https:\/\/imatges.mancovall.com\/mit39\/wp-content\/uploads\/2024\/10\/3-dipusarc-500x143.png 500w, https:\/\/imatges.mancovall.com\/mit39\/wp-content\/uploads\/2024\/10\/3-dipusarc-600x171.png 600w, https:\/\/imatges.mancovall.com\/mit39\/wp-content\/uploads\/2024\/10\/3-dipusarc.png 683w\" sizes=\"(max-width: 300px) 100vw, 300px\" \/><\/figure>\r\n<\/div>\r\n<br \/>\r\n<div class=\"wp-block-column is-layout-flow wp-block-column-is-layout-flow\">\r\n<figure class=\"wp-block-image size-full\"><img decoding=\"async\" class=\"alignright wp-image-927 size-medium\" src=\"https:\/\/imatges.mancovall.com\/mit39\/wp-content\/uploads\/2024\/10\/4-generalitat-500x174-1-300x104.png\" alt=\"gva\" width=\"300\" height=\"104\" srcset=\"https:\/\/imatges.mancovall.com\/mit39\/wp-content\/uploads\/2024\/10\/4-generalitat-500x174-1-300x104.png 300w, https:\/\/imatges.mancovall.com\/mit39\/wp-content\/uploads\/2024\/10\/4-generalitat-500x174-1.png 500w\" sizes=\"(max-width: 300px) 100vw, 300px\" \/><\/figure>\r\n<\/div>\r\n<br \/>\r\n<div class=\"wp-block-column is-layout-flow wp-block-column-is-layout-flow\">\r\n<figure class=\"wp-block-image size-full is-resized is-style-default\"><img decoding=\"async\" width=\"563\" height=\"196\" class=\"wp-image-540\" style=\"width: 220px; height: 76px;\" src=\"http:\/\/mostratitelles.com\/mit36\/wp-content\/uploads\/2021\/09\/5-inaem.png\" alt=\"\" srcset=\"https:\/\/imatges.mancovall.com\/mit39\/wp-content\/uploads\/2021\/09\/5-inaem.png 563w, https:\/\/imatges.mancovall.com\/mit39\/wp-content\/uploads\/2021\/09\/5-inaem-300x104.png 300w, https:\/\/imatges.mancovall.com\/mit39\/wp-content\/uploads\/2021\/09\/5-inaem-500x174.png 500w\" sizes=\"(max-width: 563px) 100vw, 563px\" \/><\/figure>\r\n<\/div>\r\n<\/div>\r\n<br \/>\r\n<div class=\"wp-block-spacer\" style=\"height: 120px;\" aria-hidden=\"true\">\u00a0<\/div>\r\n<br \/>\r\n<h2 class=\"wp-block-heading\"><mark class=\"has-inline-color has-neve-link-color-color\" style=\"background-color: rgba(0, 0, 0, 0);\">Contacte<\/mark><\/h2>\r\n<br \/>\r\n<p style=\"font-size: 28px;\"><mark class=\"has-inline-color has-neve-link-color-color\" style=\"background-color: rgba(0, 0, 0, 0);\"><strong>Mancomunitat de Municipis de la Vall d&#8217;Albaida<\/strong><\/mark><\/p>\r\n<br \/>\r\n<div class=\"wp-block-webfactory-map\">\r\n<div class=\"wp-block-webfactory-map\">\u00a0<\/div>\r\n<\/div>\r\n<br \/>\r\n<div class=\"wp-block-columns is-layout-flex wp-container-core-columns-is-layout-3 wp-block-columns-is-layout-flex\">\r\n<div class=\"wp-block-column ticss-4ce656f1 is-layout-flow wp-block-column-is-layout-flow\">\r\n<div class=\"wp-block-spacer\" style=\"height: 24px;\" aria-hidden=\"true\">\u00a0<\/div>\r\n<br \/><div class=\"wp-block-image icon-style is-style-default\">\r\n<figure class=\"aligncenter size-large is-resized\"><img decoding=\"async\" width=\"63\" height=\"63\" class=\"wp-image-304\" style=\"width: 47px; height: 47px;\" src=\"http:\/\/mostratitelles.com\/mit36\/wp-content\/uploads\/2021\/06\/phone-sm.png\" alt=\"\" \/><\/figure><\/div><br \/>\r\n<h3 class=\"wp-block-heading has-text-align-center has-neve-text-color-color has-text-color\">Contacte telef\u00f2nic<\/h3>\r\n<br \/>\r\n<p class=\"has-text-align-center has-neve-text-color-color has-text-color\" style=\"font-size: 15px;\">96 291 15 83 \/\/ 647 320 209<\/p>\r\n<br \/>\r\n<div class=\"wp-block-spacer\" style=\"height: 24px;\" aria-hidden=\"true\">\u00a0<\/div>\r\n<\/div>\r\n<br \/>\r\n<div class=\"wp-block-column ticss-f6fc7494 is-layout-flow wp-block-column-is-layout-flow\">\r\n<div class=\"wp-block-spacer\" style=\"height: 24px;\" aria-hidden=\"true\">\u00a0<\/div>\r\n<br \/><div class=\"wp-block-image icon-style is-style-default\">\r\n<figure class=\"aligncenter size-large is-resized\"><img decoding=\"async\" class=\"wp-image-306\" style=\"width: 49px; height: 49px;\" src=\"http:\/\/mostratitelles.com\/mit36\/wp-content\/uploads\/2021\/06\/email-sm.png\" alt=\"\" \/><\/figure><\/div><br \/>\r\n<h3 class=\"wp-block-heading has-text-align-center has-neve-text-color-color has-text-color\">Email<\/h3>\r\n<br \/>\r\n<p class=\"has-text-align-center has-neve-text-color-color has-text-color\" style=\"font-size: 15px;\">cultura@mancovall.com<\/p>\r\n<br \/>\r\n<div class=\"wp-block-spacer\" style=\"height: 24px;\" aria-hidden=\"true\">\u00a0<\/div>\r\n<\/div>\r\n<br \/>\r\n<div class=\"wp-block-column ticss-a5b4df29 is-layout-flow wp-block-column-is-layout-flow\">\r\n<div class=\"wp-block-spacer\" style=\"height: 24px;\" aria-hidden=\"true\">\u00a0<\/div>\r\n<br \/><div class=\"wp-block-image icon-style is-style-default\">\r\n<figure class=\"aligncenter size-large is-resized\"><img decoding=\"async\" width=\"49\" height=\"65\" class=\"wp-image-305\" style=\"width: 37px; height: 49px;\" src=\"http:\/\/mostratitelles.com\/mit36\/wp-content\/uploads\/2021\/06\/location-sm.png\" alt=\"\" \/><\/figure><\/div><br \/>\r\n<h3 class=\"wp-block-heading has-text-align-center has-neve-text-color-color has-text-color\">Adre\u00e7a<\/h3>\r\n<br \/>\r\n<p class=\"has-text-align-center has-neve-text-color-color has-text-color\" style=\"font-size: 15px;\">C\/ Sant Francesc, 8 46870 Ontinyent<\/p>\r\n<br \/>\r\n<div class=\"wp-block-spacer\" style=\"height: 24px;\" aria-hidden=\"true\">\u00a0<\/div>\r\n<\/div>\r\n<\/div>\r\n<br \/>\r\n<div class=\"wp-block-spacer\" style=\"height: 30px;\" aria-hidden=\"true\">\u00a0<\/div>\r\n<\/div>\r\n<\/div>\r\n\r\n<p>&nbsp;<\/p>\r\n<p>[\/vc_column_text][\/vc_column][\/vc_row]<\/p>","protected":false},"excerpt":{"rendered":"<p>[vc_row][vc_column][vc_column_text] &nbsp; [\/vc_column_text][\/vc_column][\/vc_row]<\/p>\n","protected":false},"author":1,"featured_media":0,"parent":0,"menu_order":0,"comment_status":"closed","ping_status":"closed","template":"","meta":{"neve_meta_sidebar":"","neve_meta_container":"","neve_meta_enable_content_width":"on","neve_meta_content_width":100,"neve_meta_title_alignment":"","neve_meta_author_avatar":"","neve_post_elements_order":"","neve_meta_disable_header":"","neve_meta_disable_footer":"","neve_meta_disable_title":"on","_vp_format_video_url":"","_vp_image_focal_point":[],"footnotes":""},"class_list":["post-75","page","type-page","status-publish","hentry"],"_links":{"self":[{"href":"https:\/\/imatges.mancovall.com\/mit39\/wp-json\/wp\/v2\/pages\/75","targetHints":{"allow":["GET"]}}],"collection":[{"href":"https:\/\/imatges.mancovall.com\/mit39\/wp-json\/wp\/v2\/pages"}],"about":[{"href":"https:\/\/imatges.mancovall.com\/mit39\/wp-json\/wp\/v2\/types\/page"}],"author":[{"embeddable":true,"href":"https:\/\/imatges.mancovall.com\/mit39\/wp-json\/wp\/v2\/users\/1"}],"replies":[{"embeddable":true,"href":"https:\/\/imatges.mancovall.com\/mit39\/wp-json\/wp\/v2\/comments?post=75"}],"version-history":[{"count":13,"href":"https:\/\/imatges.mancovall.com\/mit39\/wp-json\/wp\/v2\/pages\/75\/revisions"}],"predecessor-version":[{"id":949,"href":"https:\/\/imatges.mancovall.com\/mit39\/wp-json\/wp\/v2\/pages\/75\/revisions\/949"}],"wp:attachment":[{"href":"https:\/\/imatges.mancovall.com\/mit39\/wp-json\/wp\/v2\/media?parent=75"}],"curies":[{"name":"wp","href":"https:\/\/api.w.org\/{rel}","templated":true}]}}

Crèdits i contacte

<p>[vc_row][vc_column][vc_column_text]</p>
<div class="wp-block-cover alignfull" style="min-height: 420px;aspect-ratio:unset;">
<p>&nbsp;</p>
<div class="wp-block-cover__inner-container is-layout-flow wp-block-cover-is-layout-flow">
<div class="wp-block-spacer" style="height: 80px;" aria-hidden="true"> </div>
<br />
<h2 class="wp-block-heading"><mark class="has-inline-color has-neve-link-color-color" style="background-color: rgba(0, 0, 0, 0);">Crèdits 39 Mostra Internacional de Titelles a la Vall d&#8217;Albaida</mark></h2>
<br />
<div class="wp-block-columns is-layout-flex wp-container-core-columns-is-layout-1 wp-block-columns-is-layout-flex">
<div class="wp-block-column is-layout-flow wp-block-column-is-layout-flow"><mark class="has-inline-color" style="background-color: rgba(0, 0, 0, 0); color: #7d7d7d;"><strong>Direcció artística</strong><br /></mark><mark class="has-inline-color has-neve-link-color-color" style="background-color: rgba(0, 0, 0, 0);">Marisol Limiñana</mark> 
<p><strong><span class="has-inline-color" style="color: #7d7d7d;">Coordinació general</span></strong><br /><span class="has-inline-color has-neve-link-color-color">Marian Borrell</span></p>

<p><strong><span class="has-inline-color" style="color: #7d7d7d;">Col·laboradors</span></strong><br /><span class="has-inline-color has-neve-link-color-color">Víctor Albiñana, Inés Alfonso, Marcos Ballester, Julio Biosca, Amàlia Bolinches, Sónia Durá, Juli Fenollar, Lídia Ferri, Nieves Ferri, Ester Jordà, Mercè Llàcer, Josep Marian, M. José Martí, Soledad Mateos, Paula Mompó, Gemma Olivares, Gemma Pella, Llúcia Roig, Raquel Rodríguez, Júlia Rodríguez, Genís Tornero, Ester Tudela, Federico Vidal i Jordi Vila</span></p>

<p><strong><mark class="has-inline-color" style="background-color: rgba(0, 0, 0, 0); color: #7d7d7d;">Disseny gràfic</mark></strong><mark class="has-inline-color has-neve-link-color-color" style="background-color: rgba(0, 0, 0, 0);"><br />Álvaro Sanchis </mark></p>

<p><strong><span class="has-inline-color" style="color: #7d7d7d;">Vídeo</span></strong><span class="has-inline-color has-neve-link-color-color"><br />Juan Calatayud</span></p>
</div>
<br />
<div class="wp-block-column is-layout-flow wp-block-column-is-layout-flow"><strong><span class="has-inline-color" style="color: #7d7d7d;">Seguiment fotogràfic</span></strong><span class="has-inline-color has-neve-link-color-color"><br />Tella fotògrafs</span> 
<p><mark class="has-inline-color" style="background-color: rgba(0, 0, 0, 0); color: #7d7d7d;"><strong>Assistència tècnica</strong><br /></mark><mark class="has-inline-color has-neve-link-color-color" style="background-color: rgba(0, 0, 0, 0);">ServiSo</mark></p>

<p><strong><span class="has-inline-color" style="color: #7d7d7d;">Realització gràfica</span></strong><span class="has-inline-color has-neve-link-color-color"><br />EBP Publicidad</span></p>

<p><mark class="has-inline-color" style="background-color: rgba(0, 0, 0, 0); color: #7d7d7d;"><strong>Manteniment i producció web</strong><br /></mark><mark class="has-inline-color has-neve-link-color-color" style="background-color: rgba(0, 0, 0, 0);">Guillermo Garcia</mark></p>

<p><mark class="has-inline-color" style="background-color: rgba(0, 0, 0, 0); color: #7d7d7d;"><strong>Premsa i comunicació</strong><br /></mark><mark class="has-inline-color has-neve-link-color-color" style="background-color: rgba(0, 0, 0, 0);">ADAPTA comunicació</mark></p>

<p><strong><span class="has-inline-color" style="color: #7d7d7d;">Organització, gestió i relació institucional</span></strong><span class="has-inline-color has-neve-link-color-color"><br />Mancomunitat de Municipis de la Vall d’Albaida</span></p>
</div>
</div>
<br />
<div class="wp-block-columns is-layout-flex wp-container-core-columns-is-layout-2 wp-block-columns-is-layout-flex">
<div class="wp-block-column is-layout-flow wp-block-column-is-layout-flow">
<figure class="wp-block-image size-full is-resized is-style-default"><img decoding="async" width="382" height="195" class="wp-image-536" style="width: 160px; height: 82px;" src="http://mostratitelles.com/mit36/wp-content/uploads/2021/09/1-mit.png" alt="" srcset="https://imatges.mancovall.com/mit39/wp-content/uploads/2021/09/1-mit.png 382w, https://imatges.mancovall.com/mit39/wp-content/uploads/2021/09/1-mit-300x153.png 300w" sizes="(max-width: 382px) 100vw, 382px" /></figure>
</div>
<br />
<div class="wp-block-column is-layout-flow wp-block-column-is-layout-flow">
<figure class="wp-block-image size-full is-resized is-style-default"><img decoding="async" width="462" height="195" class="wp-image-537" style="width: 180px; height: 76px;" src="http://mostratitelles.com/mit36/wp-content/uploads/2021/09/2-manco.png" alt="" srcset="https://imatges.mancovall.com/mit39/wp-content/uploads/2021/09/2-manco.png 462w, https://imatges.mancovall.com/mit39/wp-content/uploads/2021/09/2-manco-300x127.png 300w" sizes="(max-width: 462px) 100vw, 462px" /></figure>
</div>
<br />
<div class="wp-block-column is-layout-flow wp-block-column-is-layout-flow">
<figure class="wp-block-image size-full"><img decoding="async" class="alignright wp-image-926 size-medium" src="https://imatges.mancovall.com/mit39/wp-content/uploads/2024/10/3-dipusarc-300x86.png" alt="" width="300" height="86" srcset="https://imatges.mancovall.com/mit39/wp-content/uploads/2024/10/3-dipusarc-300x86.png 300w, https://imatges.mancovall.com/mit39/wp-content/uploads/2024/10/3-dipusarc-500x143.png 500w, https://imatges.mancovall.com/mit39/wp-content/uploads/2024/10/3-dipusarc-600x171.png 600w, https://imatges.mancovall.com/mit39/wp-content/uploads/2024/10/3-dipusarc.png 683w" sizes="(max-width: 300px) 100vw, 300px" /></figure>
</div>
<br />
<div class="wp-block-column is-layout-flow wp-block-column-is-layout-flow">
<figure class="wp-block-image size-full"><img decoding="async" class="alignright wp-image-927 size-medium" src="https://imatges.mancovall.com/mit39/wp-content/uploads/2024/10/4-generalitat-500x174-1-300x104.png" alt="gva" width="300" height="104" srcset="https://imatges.mancovall.com/mit39/wp-content/uploads/2024/10/4-generalitat-500x174-1-300x104.png 300w, https://imatges.mancovall.com/mit39/wp-content/uploads/2024/10/4-generalitat-500x174-1.png 500w" sizes="(max-width: 300px) 100vw, 300px" /></figure>
</div>
<br />
<div class="wp-block-column is-layout-flow wp-block-column-is-layout-flow">
<figure class="wp-block-image size-full is-resized is-style-default"><img decoding="async" width="563" height="196" class="wp-image-540" style="width: 220px; height: 76px;" src="http://mostratitelles.com/mit36/wp-content/uploads/2021/09/5-inaem.png" alt="" srcset="https://imatges.mancovall.com/mit39/wp-content/uploads/2021/09/5-inaem.png 563w, https://imatges.mancovall.com/mit39/wp-content/uploads/2021/09/5-inaem-300x104.png 300w, https://imatges.mancovall.com/mit39/wp-content/uploads/2021/09/5-inaem-500x174.png 500w" sizes="(max-width: 563px) 100vw, 563px" /></figure>
</div>
</div>
<br />
<div class="wp-block-spacer" style="height: 120px;" aria-hidden="true"> </div>
<br />
<h2 class="wp-block-heading"><mark class="has-inline-color has-neve-link-color-color" style="background-color: rgba(0, 0, 0, 0);">Contacte</mark></h2>
<br />
<p style="font-size: 28px;"><mark class="has-inline-color has-neve-link-color-color" style="background-color: rgba(0, 0, 0, 0);"><strong>Mancomunitat de Municipis de la Vall d&#8217;Albaida</strong></mark></p>
<br />
<div class="wp-block-webfactory-map">
<div class="wp-block-webfactory-map"> </div>
</div>
<br />
<div class="wp-block-columns is-layout-flex wp-container-core-columns-is-layout-3 wp-block-columns-is-layout-flex">
<div class="wp-block-column ticss-4ce656f1 is-layout-flow wp-block-column-is-layout-flow">
<div class="wp-block-spacer" style="height: 24px;" aria-hidden="true"> </div>
<br /><div class="wp-block-image icon-style is-style-default">
<figure class="aligncenter size-large is-resized"><img decoding="async" width="63" height="63" class="wp-image-304" style="width: 47px; height: 47px;" src="http://mostratitelles.com/mit36/wp-content/uploads/2021/06/phone-sm.png" alt="" /></figure></div><br />
<h3 class="wp-block-heading has-text-align-center has-neve-text-color-color has-text-color">Contacte telefònic</h3>
<br />
<p class="has-text-align-center has-neve-text-color-color has-text-color" style="font-size: 15px;">96 291 15 83 // 647 320 209</p>
<br />
<div class="wp-block-spacer" style="height: 24px;" aria-hidden="true"> </div>
</div>
<br />
<div class="wp-block-column ticss-f6fc7494 is-layout-flow wp-block-column-is-layout-flow">
<div class="wp-block-spacer" style="height: 24px;" aria-hidden="true"> </div>
<br /><div class="wp-block-image icon-style is-style-default">
<figure class="aligncenter size-large is-resized"><img decoding="async" class="wp-image-306" style="width: 49px; height: 49px;" src="http://mostratitelles.com/mit36/wp-content/uploads/2021/06/email-sm.png" alt="" /></figure></div><br />
<h3 class="wp-block-heading has-text-align-center has-neve-text-color-color has-text-color">Email</h3>
<br />
<p class="has-text-align-center has-neve-text-color-color has-text-color" style="font-size: 15px;">cultura@mancovall.com</p>
<br />
<div class="wp-block-spacer" style="height: 24px;" aria-hidden="true"> </div>
</div>
<br />
<div class="wp-block-column ticss-a5b4df29 is-layout-flow wp-block-column-is-layout-flow">
<div class="wp-block-spacer" style="height: 24px;" aria-hidden="true"> </div>
<br /><div class="wp-block-image icon-style is-style-default">
<figure class="aligncenter size-large is-resized"><img decoding="async" width="49" height="65" class="wp-image-305" style="width: 37px; height: 49px;" src="http://mostratitelles.com/mit36/wp-content/uploads/2021/06/location-sm.png" alt="" /></figure></div><br />
<h3 class="wp-block-heading has-text-align-center has-neve-text-color-color has-text-color">Adreça</h3>
<br />
<p class="has-text-align-center has-neve-text-color-color has-text-color" style="font-size: 15px;">C/ Sant Francesc, 8 46870 Ontinyent</p>
<br />
<div class="wp-block-spacer" style="height: 24px;" aria-hidden="true"> </div>
</div>
</div>
<br />
<div class="wp-block-spacer" style="height: 30px;" aria-hidden="true"> </div>
</div>
</div>

<p>&nbsp;</p>
<p>[/vc_column_text][/vc_column][/vc_row]</p>
