{"id":71,"date":"2020-01-27T08:15:05","date_gmt":"2020-01-27T08:15:05","guid":{"rendered":"https:\/\/demosites.io\/web-agency-gb\/?page_id=71"},"modified":"2024-10-31T17:37:30","modified_gmt":"2024-10-31T17:37:30","slug":"15c42-web-agency-gb-portfolio-single","status":"publish","type":"page","link":"https:\/\/imatges.mancovall.com\/mit39\/15c42-web-agency-gb-portfolio-single\/","title":{"rendered":"CIA MERCE FRAMIS. TEATE D\u2019OMBRES (CATALUNYA)"},"content":{"rendered":"<p>[vc_row][vc_column][vc_column_text]<\/p>\n<h1 class=\"wp-block-heading\" style=\"font-size: 100px;\"><mark class=\"has-inline-color has-neve-link-hover-color-color\" style=\"background-color: rgba(0, 0, 0, 0);\">EL SOMNI<\/mark><\/h1>\n\n\n<h2 class=\"wp-block-heading\"><strong>CIA MERCE FRAMIS. TEATE D\u2019OMBRES (CATALUNYA)<\/strong><\/h2>\n\n\n<div class=\"wp-block-cover alignfull\" style=\"min-height: 600px;aspect-ratio:unset;\">\n<p>&nbsp;<\/p>\n<div class=\"wp-block-cover__inner-container is-layout-flow wp-block-cover-is-layout-flow\">\n<div class=\"wp-block-group\"><div class=\"wp-block-group__inner-container is-layout-flow wp-block-group-is-layout-flow\">\n<div class=\"wp-block-spacer\" style=\"height: 1px;\" aria-hidden=\"true\">\u00a0<\/div>\n\n\n<div class=\"wp-block-spacer\" style=\"height: 100px;\" aria-hidden=\"true\">\u00a0<\/div>\n\n\n<div class=\"wp-block-columns is-layout-flex wp-container-core-columns-is-layout-1 wp-block-columns-is-layout-flex\">\n<div class=\"wp-block-column is-layout-flow wp-block-column-is-layout-flow\" style=\"flex-basis: 66.79%;\">\n<figure class=\"wp-block-image size-full\"><img decoding=\"async\" width=\"600\" height=\"600\" class=\"wp-image-866\" src=\"https:\/\/imatges.mancovall.com\/mit39\/wp-content\/uploads\/2024\/10\/1_0016_EL-SOMNI-1.jpg\" alt=\"\" srcset=\"https:\/\/imatges.mancovall.com\/mit39\/wp-content\/uploads\/2024\/10\/1_0016_EL-SOMNI-1.jpg 600w, https:\/\/imatges.mancovall.com\/mit39\/wp-content\/uploads\/2024\/10\/1_0016_EL-SOMNI-1-300x300.jpg 300w, https:\/\/imatges.mancovall.com\/mit39\/wp-content\/uploads\/2024\/10\/1_0016_EL-SOMNI-1-150x150.jpg 150w, https:\/\/imatges.mancovall.com\/mit39\/wp-content\/uploads\/2024\/10\/1_0016_EL-SOMNI-1-500x500.jpg 500w, https:\/\/imatges.mancovall.com\/mit39\/wp-content\/uploads\/2024\/10\/1_0016_EL-SOMNI-1-100x100.jpg 100w\" sizes=\"(max-width: 600px) 100vw, 600px\" \/><\/figure>\n\n\n<div class=\"wp-block-buttons is-layout-flex wp-block-buttons-is-layout-flex\">\n<div class=\"wp-block-button has-custom-width wp-block-button__width-25 is-style-secondary\"><a class=\"wp-block-button__link wp-element-button\" style=\"border-radius: 50px;\" href=\"https:\/\/imatges.mancovall.com\/mit39\/\">\u2190 Tornar<\/a><\/div>\n\n<\/div>\n\n\n<div class=\"wp-block-spacer\" style=\"height: 40px;\" aria-hidden=\"true\">\u00a0<\/div>\n\n<\/div>\n\n\n<div class=\"wp-block-column is-layout-flow wp-block-column-is-layout-flow\" style=\"flex-basis: 34%;\">\n<p class=\"has-nv-dark-bg-color has-text-color has-link-color wp-elements-c08a7eb2488b54dfeba92417414f3c2c\">L\u2019\u00c0via Pepa i la Lola arriben d\u2019un passeig per la muntanya, carregades de pomes. L\u2019\u00c0via est\u00e1 cansada s\u2019asseu i s\u2019adorm i comen\u00e7a a somiar.<\/p>\n\n\n<p class=\"has-nv-dark-bg-color has-text-color has-link-color wp-elements-062bf969d3331314963bcfb946188cc2\">Qu\u00e8 veu mentres dorm? Moltes coses! El circ de la confitura on un pallasso cuiner presenta pomes equilibristes que salten d\u2019una en una a \u201cl\u2019olla de la confitura\u201d, un tren, txucu-txucu\u2026<\/p>\n\n\n<p class=\"has-nv-dark-bg-color has-text-color has-link-color wp-elements-5ab67edf4b78a6d401eaf0dc6c9f0bd0\">Petit? M\u00e9s gran? No! \u00c9s un cocodril que vol ser un tren. En Ramon, amb un cotxe nou que funciona i l\u2019oca panxona que sempre t\u00e9 tanta gana!<\/p>\n\n\n<p class=\"has-nv-dark-bg-color has-text-color has-link-color wp-elements-1a1b0aa2f243f0215cd12d7f98e537fb\">L\u2019argument de l\u2019espectacle EL SOMNI es basa en cuatre contes de la Col\u00b7lecci\u00f3 L\u2019\u00c0via Pepa, de publicacions de la Abad\u00eda de Montserrat.<\/p>\n\n\n<p class=\"has-nv-dark-bg-color has-text-color has-link-color wp-elements-c24ee5e5aadbaa599ccff5d4b6c27b01\">El gui\u00f3 presenta una realidat quotidiana, a partir de la qual la imaginaci\u00f3 es pot enfilar i obrir-se a la projecci\u00f3 i al desig.<\/p>\n\n\n<p class=\"has-nv-dark-bg-color has-text-color has-link-color wp-elements-50cbf9810b8d19a305e9e53f819b573c\">En l&#8217;adaptaci\u00f3 per al p\u00fablic de 0 a 3 anys hem tingut en compte la proximitat i la intervenci\u00f3 directa de la titellaire, en una escenografia oberta on ha passat de manipular titelles a jugar amb personatges i joguets. El text, on donem m\u00e9s import\u00e0ncia a l&#8217;accent, el ritme i la cantarella que al significat de les paraules.<\/p>\n\n\n<hr class=\"wp-block-separator has-alpha-channel-opacity\" \/>\n\n\n<p class=\"has-nv-dark-bg-color has-text-color\">Merc\u00e8 Framis s\u2019ha format com a titellaire en l\u2019Institut del Teatre de Barcelona. \u00c9s llicenciada en filosofia, m\u00e1ster en Psicologia Anal\u00edtica (C.G.Jung) i formaci\u00f3n en artter\u00e0pia \u00abHaushka\u00bb (Pedagog\u00eda Waldorf).<\/p>\n\n\n<p class=\"has-nv-dark-bg-color has-text-color\">Fa 30 anys que Merc\u00e8 Framis es dedica al teatre de titelles. Ha format part de les companyies <em>Framis Von Porat<\/em> (1989-1994) i <em>Els Aquilinos Teatre<\/em> (1994-2000). Ha participat en nombrosos festivals de titelles, programacions de teatre escolar i sales comercials.<\/p>\n\n\n<p class=\"has-nv-dark-bg-color has-text-color\">Ha estat gualardonada en dues ocasions a la Mostra Internacional de Titelles a la Vall d\u2019Albaida, l\u2019any 1993 i 1996 amb els espectacles \u201cEl Rossinyol de l\u2019Emperador\u201d, amb la company\u00eda <em>Framis Von Porat <\/em>i \u201cEl pr\u00edncep feli\u00e7\u201d, amb la companyia <em>Els Aquilinos Teatre.<\/em><\/p>\n\n\n<p class=\"has-nv-dark-bg-color has-text-color\">Tamb\u00e9 ha treballat com a constructora de titelles per a diferents companyies. Com a docent impartint cursos d\u2019Ombres per a professionals de la educaci\u00f3 i del teatre.<\/p>\n\n\n<p class=\"has-nv-dark-bg-color has-text-color\">Com a docent ha impartit cursos de sombres per a profesionals de la educaci\u00f3 i del teatre.<\/p>\n\n\n<p class=\"has-nv-dark-bg-color has-text-color\">Ha realitzat diversos treballs per a la televisi\u00f3: amb Els Aquilinos Teatre participe en el programa \u201cBasura\u201d per al canal Nickelodeon.<\/p>\n\n\n<p class=\"has-nv-dark-bg-color has-text-color\">Ha traballat com a dobladora, posant-hi veu a t\u00edtelles y personatjes d\u2019animaci\u00f3.<\/p>\n\n\n<p class=\"has-nv-dark-bg-color has-text-color\">En l\u2019actualitat, a m\u00e9s dels seus espectacles, treballa en televisi\u00f3 de Catalunya, en l\u2019espai televisiu <em>MIC<\/em>, com a manipuladora i dobladora del popular personatge Mic.<\/p>\n\n\n<p class=\"has-nv-dark-bg-color has-text-color\">Darrerament, ha pres el relleu del la companyia <em>Titelles de l\u2019\u00e0via Pepa<\/em>, de la m\u00e0 d\u2019Ester Prim, la seua creadora.<\/p>\n\n\n<div class=\"wp-block-buttons is-layout-flex wp-block-buttons-is-layout-flex\">\n<\/div>\n\n\n<hr class=\"wp-block-separator has-css-opacity is-style-wide\" \/>\n\n\n<div class=\"wp-block-buttons is-layout-flex wp-block-buttons-is-layout-flex\">\n<\/div>\n\n<\/div>\n\n<\/div>\n\n\n<div class=\"wp-block-spacer\" style=\"height: 40px;\" aria-hidden=\"true\">\u00a0<\/div>\n\n<\/div><\/div>\n\n<\/div>\n<\/div>\n\n<p>&nbsp;<\/p>\n<p>[\/vc_column_text][\/vc_column][\/vc_row]<\/p>\n","protected":false},"excerpt":{"rendered":"<p>[vc_row][vc_column][vc_column_text] EL SOMNI CIA MERCE FRAMIS. TEATE D\u2019OMBRES (CATALUNYA) &nbsp; [\/vc_column_text][\/vc_column][\/vc_row]<\/p>\n","protected":false},"author":1,"featured_media":0,"parent":0,"menu_order":0,"comment_status":"closed","ping_status":"closed","template":"","meta":{"neve_meta_sidebar":"default","neve_meta_container":"","neve_meta_enable_content_width":"on","neve_meta_content_width":100,"neve_meta_title_alignment":"","neve_meta_author_avatar":"","neve_post_elements_order":"","neve_meta_disable_header":"","neve_meta_disable_footer":"","neve_meta_disable_title":"on","_vp_format_video_url":"","_vp_image_focal_point":[],"footnotes":""},"class_list":["post-71","page","type-page","status-publish","hentry"],"_links":{"self":[{"href":"https:\/\/imatges.mancovall.com\/mit39\/wp-json\/wp\/v2\/pages\/71","targetHints":{"allow":["GET"]}}],"collection":[{"href":"https:\/\/imatges.mancovall.com\/mit39\/wp-json\/wp\/v2\/pages"}],"about":[{"href":"https:\/\/imatges.mancovall.com\/mit39\/wp-json\/wp\/v2\/types\/page"}],"author":[{"embeddable":true,"href":"https:\/\/imatges.mancovall.com\/mit39\/wp-json\/wp\/v2\/users\/1"}],"replies":[{"embeddable":true,"href":"https:\/\/imatges.mancovall.com\/mit39\/wp-json\/wp\/v2\/comments?post=71"}],"version-history":[{"count":21,"href":"https:\/\/imatges.mancovall.com\/mit39\/wp-json\/wp\/v2\/pages\/71\/revisions"}],"predecessor-version":[{"id":917,"href":"https:\/\/imatges.mancovall.com\/mit39\/wp-json\/wp\/v2\/pages\/71\/revisions\/917"}],"wp:attachment":[{"href":"https:\/\/imatges.mancovall.com\/mit39\/wp-json\/wp\/v2\/media?parent=71"}],"curies":[{"name":"wp","href":"https:\/\/api.w.org\/{rel}","templated":true}]}}

<p>[vc_row][vc_column][vc_column_text]</p>
<h1 class="wp-block-heading" style="font-size: 100px;"><mark class="has-inline-color has-neve-link-hover-color-color" style="background-color: rgba(0, 0, 0, 0);">EL SOMNI</mark></h1>


<h2 class="wp-block-heading"><strong>CIA MERCE FRAMIS. TEATE D’OMBRES (CATALUNYA)</strong></h2>


<div class="wp-block-cover alignfull" style="min-height: 600px;aspect-ratio:unset;">
<p>&nbsp;</p>
<div class="wp-block-cover__inner-container is-layout-flow wp-block-cover-is-layout-flow">
<div class="wp-block-group"><div class="wp-block-group__inner-container is-layout-flow wp-block-group-is-layout-flow">
<div class="wp-block-spacer" style="height: 1px;" aria-hidden="true"> </div>


<div class="wp-block-spacer" style="height: 100px;" aria-hidden="true"> </div>


<div class="wp-block-columns is-layout-flex wp-container-core-columns-is-layout-1 wp-block-columns-is-layout-flex">
<div class="wp-block-column is-layout-flow wp-block-column-is-layout-flow" style="flex-basis: 66.79%;">
<figure class="wp-block-image size-full"><img decoding="async" width="600" height="600" class="wp-image-866" src="https://imatges.mancovall.com/mit39/wp-content/uploads/2024/10/1_0016_EL-SOMNI-1.jpg" alt="" srcset="https://imatges.mancovall.com/mit39/wp-content/uploads/2024/10/1_0016_EL-SOMNI-1.jpg 600w, https://imatges.mancovall.com/mit39/wp-content/uploads/2024/10/1_0016_EL-SOMNI-1-300x300.jpg 300w, https://imatges.mancovall.com/mit39/wp-content/uploads/2024/10/1_0016_EL-SOMNI-1-150x150.jpg 150w, https://imatges.mancovall.com/mit39/wp-content/uploads/2024/10/1_0016_EL-SOMNI-1-500x500.jpg 500w, https://imatges.mancovall.com/mit39/wp-content/uploads/2024/10/1_0016_EL-SOMNI-1-100x100.jpg 100w" sizes="(max-width: 600px) 100vw, 600px" /></figure>


<div class="wp-block-buttons is-layout-flex wp-block-buttons-is-layout-flex">
<div class="wp-block-button has-custom-width wp-block-button__width-25 is-style-secondary"><a class="wp-block-button__link wp-element-button" style="border-radius: 50px;" href="https://imatges.mancovall.com/mit39/">← Tornar</a></div>

</div>


<div class="wp-block-spacer" style="height: 40px;" aria-hidden="true"> </div>

</div>


<div class="wp-block-column is-layout-flow wp-block-column-is-layout-flow" style="flex-basis: 34%;">
<p class="has-nv-dark-bg-color has-text-color has-link-color wp-elements-c08a7eb2488b54dfeba92417414f3c2c">L’Àvia Pepa i la Lola arriben d’un passeig per la muntanya, carregades de pomes. L’Àvia está cansada s’asseu i s’adorm i comença a somiar.</p>


<p class="has-nv-dark-bg-color has-text-color has-link-color wp-elements-062bf969d3331314963bcfb946188cc2">Què veu mentres dorm? Moltes coses! El circ de la confitura on un pallasso cuiner presenta pomes equilibristes que salten d’una en una a “l’olla de la confitura”, un tren, txucu-txucu…</p>


<p class="has-nv-dark-bg-color has-text-color has-link-color wp-elements-5ab67edf4b78a6d401eaf0dc6c9f0bd0">Petit? Més gran? No! És un cocodril que vol ser un tren. En Ramon, amb un cotxe nou que funciona i l’oca panxona que sempre té tanta gana!</p>


<p class="has-nv-dark-bg-color has-text-color has-link-color wp-elements-1a1b0aa2f243f0215cd12d7f98e537fb">L’argument de l’espectacle EL SOMNI es basa en cuatre contes de la Col·lecció L’Àvia Pepa, de publicacions de la Abadía de Montserrat.</p>


<p class="has-nv-dark-bg-color has-text-color has-link-color wp-elements-c24ee5e5aadbaa599ccff5d4b6c27b01">El guió presenta una realidat quotidiana, a partir de la qual la imaginació es pot enfilar i obrir-se a la projecció i al desig.</p>


<p class="has-nv-dark-bg-color has-text-color has-link-color wp-elements-50cbf9810b8d19a305e9e53f819b573c">En l&#8217;adaptació per al públic de 0 a 3 anys hem tingut en compte la proximitat i la intervenció directa de la titellaire, en una escenografia oberta on ha passat de manipular titelles a jugar amb personatges i joguets. El text, on donem més importància a l&#8217;accent, el ritme i la cantarella que al significat de les paraules.</p>


<hr class="wp-block-separator has-alpha-channel-opacity" />


<p class="has-nv-dark-bg-color has-text-color">Mercè Framis s’ha format com a titellaire en l’Institut del Teatre de Barcelona. És llicenciada en filosofia, máster en Psicologia Analítica (C.G.Jung) i formación en artteràpia «Haushka» (Pedagogía Waldorf).</p>


<p class="has-nv-dark-bg-color has-text-color">Fa 30 anys que Mercè Framis es dedica al teatre de titelles. Ha format part de les companyies <em>Framis Von Porat</em> (1989-1994) i <em>Els Aquilinos Teatre</em> (1994-2000). Ha participat en nombrosos festivals de titelles, programacions de teatre escolar i sales comercials.</p>


<p class="has-nv-dark-bg-color has-text-color">Ha estat gualardonada en dues ocasions a la Mostra Internacional de Titelles a la Vall d’Albaida, l’any 1993 i 1996 amb els espectacles “El Rossinyol de l’Emperador”, amb la companyía <em>Framis Von Porat </em>i “El príncep feliç”, amb la companyia <em>Els Aquilinos Teatre.</em></p>


<p class="has-nv-dark-bg-color has-text-color">També ha treballat com a constructora de titelles per a diferents companyies. Com a docent impartint cursos d’Ombres per a professionals de la educació i del teatre.</p>


<p class="has-nv-dark-bg-color has-text-color">Com a docent ha impartit cursos de sombres per a profesionals de la educació i del teatre.</p>


<p class="has-nv-dark-bg-color has-text-color">Ha realitzat diversos treballs per a la televisió: amb Els Aquilinos Teatre participe en el programa “Basura” per al canal Nickelodeon.</p>


<p class="has-nv-dark-bg-color has-text-color">Ha traballat com a dobladora, posant-hi veu a títelles y personatjes d’animació.</p>


<p class="has-nv-dark-bg-color has-text-color">En l’actualitat, a més dels seus espectacles, treballa en televisió de Catalunya, en l’espai televisiu <em>MIC</em>, com a manipuladora i dobladora del popular personatge Mic.</p>


<p class="has-nv-dark-bg-color has-text-color">Darrerament, ha pres el relleu del la companyia <em>Titelles de l’àvia Pepa</em>, de la mà d’Ester Prim, la seua creadora.</p>


<div class="wp-block-buttons is-layout-flex wp-block-buttons-is-layout-flex">
</div>


<hr class="wp-block-separator has-css-opacity is-style-wide" />


<div class="wp-block-buttons is-layout-flex wp-block-buttons-is-layout-flex">
</div>

</div>

</div>


<div class="wp-block-spacer" style="height: 40px;" aria-hidden="true"> </div>

</div></div>

</div>
</div>

<p>&nbsp;</p>
<p>[/vc_column_text][/vc_column][/vc_row]</p>
