{"id":453,"date":"2021-09-22T15:37:36","date_gmt":"2021-09-22T15:37:36","guid":{"rendered":"http:\/\/mostratitelles.com\/mit36\/?page_id=453"},"modified":"2024-10-31T17:38:29","modified_gmt":"2024-10-31T17:38:29","slug":"15c42-web-agency-gb-portfolio-single-copy-copy-copy-copy-copy-copy-copy-2-copy","status":"publish","type":"page","link":"https:\/\/imatges.mancovall.com\/mit39\/15c42-web-agency-gb-portfolio-single-copy-copy-copy-copy-copy-copy-copy-2-copy\/","title":{"rendered":"EUGENIA MANZANERA (MADRID)"},"content":{"rendered":"<p>[vc_row][vc_column][vc_column_text]<\/p>\n<h1 class=\"wp-block-heading\"><mark class=\"has-inline-color has-neve-link-hover-color-color\" style=\"background-color: rgba(0, 0, 0, 0);\">NACER\u2026 MENUDA HISTORIA<\/mark><\/h1>\n\n\n<h2 class=\"wp-block-heading\">EUGENIA MANZANERA (MADRID)<\/h2>\n\n\n<div class=\"wp-block-cover alignfull\" style=\"min-height: 600px;aspect-ratio:unset;\">\n<p>&nbsp;<\/p>\n<div class=\"wp-block-cover__inner-container is-layout-flow wp-block-cover-is-layout-flow\">\n<div class=\"wp-block-group\"><div class=\"wp-block-group__inner-container is-layout-flow wp-block-group-is-layout-flow\">\n<div class=\"wp-block-spacer\" style=\"height: 1px;\" aria-hidden=\"true\">\u00a0<\/div>\n\n\n<div class=\"wp-block-spacer\" style=\"height: 100px;\" aria-hidden=\"true\">\u00a0<\/div>\n\n\n<div class=\"wp-block-columns is-layout-flex wp-container-core-columns-is-layout-1 wp-block-columns-is-layout-flex\">\n<div class=\"wp-block-column is-layout-flow wp-block-column-is-layout-flow\" style=\"flex-basis: 66.79%;\">\n<figure class=\"wp-block-image size-full\"><img decoding=\"async\" width=\"600\" height=\"600\" class=\"wp-image-873\" src=\"https:\/\/imatges.mancovall.com\/mit39\/wp-content\/uploads\/2024\/10\/1_0014_NACER-MENUDA-1.jpg\" alt=\"\" srcset=\"https:\/\/imatges.mancovall.com\/mit39\/wp-content\/uploads\/2024\/10\/1_0014_NACER-MENUDA-1.jpg 600w, https:\/\/imatges.mancovall.com\/mit39\/wp-content\/uploads\/2024\/10\/1_0014_NACER-MENUDA-1-300x300.jpg 300w, https:\/\/imatges.mancovall.com\/mit39\/wp-content\/uploads\/2024\/10\/1_0014_NACER-MENUDA-1-150x150.jpg 150w, https:\/\/imatges.mancovall.com\/mit39\/wp-content\/uploads\/2024\/10\/1_0014_NACER-MENUDA-1-500x500.jpg 500w, https:\/\/imatges.mancovall.com\/mit39\/wp-content\/uploads\/2024\/10\/1_0014_NACER-MENUDA-1-100x100.jpg 100w\" sizes=\"(max-width: 600px) 100vw, 600px\" \/><\/figure>\n\n\n<div class=\"wp-block-buttons is-layout-flex wp-block-buttons-is-layout-flex\">\n<div class=\"wp-block-button is-style-secondary\"><a class=\"wp-block-button__link wp-element-button\" style=\"border-radius: 50px;\" href=\"https:\/\/imatges.mancovall.com\/mit39\/\">\u2190 Tornar<\/a><\/div>\n\n<\/div>\n\n\n<div class=\"wp-block-spacer\" style=\"height: 40px;\" aria-hidden=\"true\">\u00a0<\/div>\n\n<\/div>\n\n\n<div class=\"wp-block-column is-layout-flow wp-block-column-is-layout-flow\" style=\"flex-basis: 34%;\">\n<p class=\"has-neve-link-color-color has-text-color\">Sessi\u00f3 DE NARRACI\u00d3 per a xiquets a partir d&#8217;un any, divertida, divertida, juganera, repleta de rimes i de melodies, de jocs de mans sense \u201cabracadabres\u201d per\u00f2 amb molta po\u00e8tica d&#8217;estar per casa.<\/p>\n\n\n<p class=\"has-neve-link-color-color has-text-color\">Ac\u00ed entra tot, des d&#8217;un poema de Jorge Luj\u00e1n fins a un llibre d&#8217;Eric Carle, des d&#8217;un peu fins a un cap, des d&#8217;un hort de naps fins a una can\u00e7\u00f3 de Carrer 13, des d&#8217;un peix fins a la lletra Z, des d&#8217;un llibre de tela fins un de cart\u00f3\u2026 Sembla un embolic?, sembla que tot est\u00e0 regirat? Sembla, per\u00f2 no ho \u00e9s\u2026 tot est\u00e0 fet amb molt de cor.<\/p>\n\n\n<p class=\"has-neve-link-color-color has-text-color\"><\/p>\n\n<p class=\"has-neve-link-color-color has-text-color\"><\/p>\n\n<div class=\"wp-block-buttons is-layout-flex wp-block-buttons-is-layout-flex\">\n<\/div>\n<p class=\"has-neve-link-color-color has-text-color\"><\/p>\n\n<hr class=\"wp-block-separator has-css-opacity is-style-wide\" \/>\n<p class=\"has-neve-link-color-color has-text-color\"><\/p>\n\n<p class=\"has-neve-link-color-color has-text-color\">En ella podem trobar el projecte personal d&#8217;una artista de la paraula i del gest (narradora, art educadora, actriu, pallassa\u2026). El seu treball, per no estendre&#8217;s molt, m&#8217;ha demanat que siga breu, consisteix a comunicar fent espectacles teatrals, contant hist\u00f2ries, impartint tallers\u2026 imaginant projectes que donen sempre molt de joc.<\/p>\n<p class=\"has-neve-link-color-color has-text-color\"><\/p>\n<p>La mat\u00e8ria del seu treball s\u00f3n les paraules, eixes capsetes belles. Paraules\u2026 jerogl\u00edfics als quals prestem la nostra atenci\u00f3 per a poder relacionar-nos i comprendre. Manzanera es divertix amb elles, les esbudella, agafa el seu significant i balla amb la m\u00fasica que posse\u00efxen. Les utilitza per a explicar-se, per a comptar a la seua manera el que sent, perqu\u00e8 vost\u00e9, p\u00fablic, se senta lliure d&#8217;imaginar i explicar-se, ella far\u00e0 que s&#8217;implique en la proposta. Paraules que col\u00b7loca en el seu cos, en la seua mirada perqu\u00e8 ella b\u00e9 sap que \u201cles paraules no se les emporta el vent\u201d, habiten en cada porus del nostre \u00e9sser. Una mirada, un dit enlaire, un pas que vol donar-se per\u00f2 es queda congelat en el lloc, una boca que demana un bes\u2026 El cos s&#8217;habita de gestos i el p\u00fablic els vist de paraules. Fins i tot fa que els objectes s&#8217;habiten d&#8217;elles i que siguen personatges amb vida i amb hist\u00f2ria.<\/p>\n<p class=\"has-neve-link-color-color has-text-color\"><\/p>\n\n<p class=\"has-neve-link-color-color has-text-color\">Manzanera convida a jugar en les seues propostes, ja siguen per a p\u00fablic de primera inf\u00e0ncia, infantil o adult. Jugar \u00e9s riure&#8217;s del temps i de l&#8217;espai, dels objectes, de les seues formes\u2026 per aix\u00f2 en el seu treball l&#8217;humor, el riure i la riallada ho embolica tot. Eugenia t\u00e9 \u00e0nima de cabaretera, de bufona, de show-woman, de joglaresa. Per aix\u00f2 investiga des del c\u00f2mic: de qu\u00e8 riu un beb\u00e9?, t\u00e9 ritme el riure?, deixa de ser una cosa po\u00e8tica si \u00e9s divertit?, pot ser c\u00f2mic una cosa amarga? Ella investiga perqu\u00e8 el p\u00fablic gaudi..<\/p>\n\n<\/div>\n\n<\/div>\n\n\n<div class=\"wp-block-spacer\" style=\"height: 40px;\" aria-hidden=\"true\">\u00a0<\/div>\n\n<\/div><\/div>\n\n<\/div>\n<\/div>\n\n<p>&nbsp;<\/p>\n<p>[\/vc_column_text][\/vc_column][\/vc_row]<\/p>\n","protected":false},"excerpt":{"rendered":"<p>[vc_row][vc_column][vc_column_text] NACER\u2026 MENUDA HISTORIA EUGENIA MANZANERA (MADRID) &nbsp; [\/vc_column_text][\/vc_column][\/vc_row]<\/p>\n","protected":false},"author":1,"featured_media":0,"parent":0,"menu_order":0,"comment_status":"closed","ping_status":"closed","template":"","meta":{"neve_meta_sidebar":"default","neve_meta_container":"","neve_meta_enable_content_width":"on","neve_meta_content_width":100,"neve_meta_title_alignment":"","neve_meta_author_avatar":"","neve_post_elements_order":"","neve_meta_disable_header":"","neve_meta_disable_footer":"","neve_meta_disable_title":"on","_vp_format_video_url":"","_vp_image_focal_point":[],"footnotes":""},"class_list":["post-453","page","type-page","status-publish","hentry"],"_links":{"self":[{"href":"https:\/\/imatges.mancovall.com\/mit39\/wp-json\/wp\/v2\/pages\/453","targetHints":{"allow":["GET"]}}],"collection":[{"href":"https:\/\/imatges.mancovall.com\/mit39\/wp-json\/wp\/v2\/pages"}],"about":[{"href":"https:\/\/imatges.mancovall.com\/mit39\/wp-json\/wp\/v2\/types\/page"}],"author":[{"embeddable":true,"href":"https:\/\/imatges.mancovall.com\/mit39\/wp-json\/wp\/v2\/users\/1"}],"replies":[{"embeddable":true,"href":"https:\/\/imatges.mancovall.com\/mit39\/wp-json\/wp\/v2\/comments?post=453"}],"version-history":[{"count":7,"href":"https:\/\/imatges.mancovall.com\/mit39\/wp-json\/wp\/v2\/pages\/453\/revisions"}],"predecessor-version":[{"id":919,"href":"https:\/\/imatges.mancovall.com\/mit39\/wp-json\/wp\/v2\/pages\/453\/revisions\/919"}],"wp:attachment":[{"href":"https:\/\/imatges.mancovall.com\/mit39\/wp-json\/wp\/v2\/media?parent=453"}],"curies":[{"name":"wp","href":"https:\/\/api.w.org\/{rel}","templated":true}]}}

<p>[vc_row][vc_column][vc_column_text]</p>
<h1 class="wp-block-heading"><mark class="has-inline-color has-neve-link-hover-color-color" style="background-color: rgba(0, 0, 0, 0);">NACER… MENUDA HISTORIA</mark></h1>


<h2 class="wp-block-heading">EUGENIA MANZANERA (MADRID)</h2>


<div class="wp-block-cover alignfull" style="min-height: 600px;aspect-ratio:unset;">
<p>&nbsp;</p>
<div class="wp-block-cover__inner-container is-layout-flow wp-block-cover-is-layout-flow">
<div class="wp-block-group"><div class="wp-block-group__inner-container is-layout-flow wp-block-group-is-layout-flow">
<div class="wp-block-spacer" style="height: 1px;" aria-hidden="true"> </div>


<div class="wp-block-spacer" style="height: 100px;" aria-hidden="true"> </div>


<div class="wp-block-columns is-layout-flex wp-container-core-columns-is-layout-1 wp-block-columns-is-layout-flex">
<div class="wp-block-column is-layout-flow wp-block-column-is-layout-flow" style="flex-basis: 66.79%;">
<figure class="wp-block-image size-full"><img decoding="async" width="600" height="600" class="wp-image-873" src="https://imatges.mancovall.com/mit39/wp-content/uploads/2024/10/1_0014_NACER-MENUDA-1.jpg" alt="" srcset="https://imatges.mancovall.com/mit39/wp-content/uploads/2024/10/1_0014_NACER-MENUDA-1.jpg 600w, https://imatges.mancovall.com/mit39/wp-content/uploads/2024/10/1_0014_NACER-MENUDA-1-300x300.jpg 300w, https://imatges.mancovall.com/mit39/wp-content/uploads/2024/10/1_0014_NACER-MENUDA-1-150x150.jpg 150w, https://imatges.mancovall.com/mit39/wp-content/uploads/2024/10/1_0014_NACER-MENUDA-1-500x500.jpg 500w, https://imatges.mancovall.com/mit39/wp-content/uploads/2024/10/1_0014_NACER-MENUDA-1-100x100.jpg 100w" sizes="(max-width: 600px) 100vw, 600px" /></figure>


<div class="wp-block-buttons is-layout-flex wp-block-buttons-is-layout-flex">
<div class="wp-block-button is-style-secondary"><a class="wp-block-button__link wp-element-button" style="border-radius: 50px;" href="https://imatges.mancovall.com/mit39/">← Tornar</a></div>

</div>


<div class="wp-block-spacer" style="height: 40px;" aria-hidden="true"> </div>

</div>


<div class="wp-block-column is-layout-flow wp-block-column-is-layout-flow" style="flex-basis: 34%;">
<p class="has-neve-link-color-color has-text-color">Sessió DE NARRACIÓ per a xiquets a partir d&#8217;un any, divertida, divertida, juganera, repleta de rimes i de melodies, de jocs de mans sense “abracadabres” però amb molta poètica d&#8217;estar per casa.</p>


<p class="has-neve-link-color-color has-text-color">Ací entra tot, des d&#8217;un poema de Jorge Luján fins a un llibre d&#8217;Eric Carle, des d&#8217;un peu fins a un cap, des d&#8217;un hort de naps fins a una cançó de Carrer 13, des d&#8217;un peix fins a la lletra Z, des d&#8217;un llibre de tela fins un de cartó… Sembla un embolic?, sembla que tot està regirat? Sembla, però no ho és… tot està fet amb molt de cor.</p>


<p class="has-neve-link-color-color has-text-color"></p>

<p class="has-neve-link-color-color has-text-color"></p>

<div class="wp-block-buttons is-layout-flex wp-block-buttons-is-layout-flex">
</div>
<p class="has-neve-link-color-color has-text-color"></p>

<hr class="wp-block-separator has-css-opacity is-style-wide" />
<p class="has-neve-link-color-color has-text-color"></p>

<p class="has-neve-link-color-color has-text-color">En ella podem trobar el projecte personal d&#8217;una artista de la paraula i del gest (narradora, art educadora, actriu, pallassa…). El seu treball, per no estendre&#8217;s molt, m&#8217;ha demanat que siga breu, consisteix a comunicar fent espectacles teatrals, contant històries, impartint tallers… imaginant projectes que donen sempre molt de joc.</p>
<p class="has-neve-link-color-color has-text-color"></p>
<p>La matèria del seu treball són les paraules, eixes capsetes belles. Paraules… jeroglífics als quals prestem la nostra atenció per a poder relacionar-nos i comprendre. Manzanera es divertix amb elles, les esbudella, agafa el seu significant i balla amb la música que posseïxen. Les utilitza per a explicar-se, per a comptar a la seua manera el que sent, perquè vosté, públic, se senta lliure d&#8217;imaginar i explicar-se, ella farà que s&#8217;implique en la proposta. Paraules que col·loca en el seu cos, en la seua mirada perquè ella bé sap que “les paraules no se les emporta el vent”, habiten en cada porus del nostre ésser. Una mirada, un dit enlaire, un pas que vol donar-se però es queda congelat en el lloc, una boca que demana un bes… El cos s&#8217;habita de gestos i el públic els vist de paraules. Fins i tot fa que els objectes s&#8217;habiten d&#8217;elles i que siguen personatges amb vida i amb història.</p>
<p class="has-neve-link-color-color has-text-color"></p>

<p class="has-neve-link-color-color has-text-color">Manzanera convida a jugar en les seues propostes, ja siguen per a públic de primera infància, infantil o adult. Jugar és riure&#8217;s del temps i de l&#8217;espai, dels objectes, de les seues formes… per això en el seu treball l&#8217;humor, el riure i la riallada ho embolica tot. Eugenia té ànima de cabaretera, de bufona, de show-woman, de joglaresa. Per això investiga des del còmic: de què riu un bebé?, té ritme el riure?, deixa de ser una cosa poètica si és divertit?, pot ser còmic una cosa amarga? Ella investiga perquè el públic gaudi..</p>

</div>

</div>


<div class="wp-block-spacer" style="height: 40px;" aria-hidden="true"> </div>

</div></div>

</div>
</div>

<p>&nbsp;</p>
<p>[/vc_column_text][/vc_column][/vc_row]</p>
