{"id":447,"date":"2021-09-22T15:33:57","date_gmt":"2021-09-22T15:33:57","guid":{"rendered":"http:\/\/mostratitelles.com\/mit36\/?page_id=447"},"modified":"2024-10-31T17:36:14","modified_gmt":"2024-10-31T17:36:14","slug":"15c42-web-agency-gb-portfolio-single-copy-copy-2","status":"publish","type":"page","link":"https:\/\/imatges.mancovall.com\/mit39\/15c42-web-agency-gb-portfolio-single-copy-copy-2\/","title":{"rendered":"L\u2019 HORTA TEATRE (COMUNIDAD VALENCIANA)"},"content":{"rendered":"<p>[vc_row][vc_column][vc_column_text]<\/p>\n<h1 class=\"wp-block-heading\" style=\"font-size: 100px;\"><mark class=\"has-inline-color has-neve-link-hover-color-color\" style=\"background-color: rgba(0, 0, 0, 0);\">CROMA, UNA HIST\u00d2RIA DIBUIXADA<\/mark><\/h1>\n\n\n<h2 class=\"wp-block-heading\"><strong>L\u2019 HORTA TEATRE (COMUNIDAD VALENCIANA)<\/strong><\/h2>\n\n\n<div class=\"wp-block-cover alignfull\" style=\"min-height: 600px;aspect-ratio:unset;\">\n<p>&nbsp;<\/p>\n<div class=\"wp-block-cover__inner-container is-layout-flow wp-block-cover-is-layout-flow\">\n<div class=\"wp-block-group\"><div class=\"wp-block-group__inner-container is-layout-flow wp-block-group-is-layout-flow\">\n<div class=\"wp-block-spacer\" style=\"height: 1px;\" aria-hidden=\"true\">\u00a0<\/div>\n\n\n<div class=\"wp-block-spacer\" style=\"height: 100px;\" aria-hidden=\"true\">\u00a0<\/div>\n\n\n<div class=\"wp-block-columns is-layout-flex wp-container-core-columns-is-layout-1 wp-block-columns-is-layout-flex\">\n<div class=\"wp-block-column is-layout-flow wp-block-column-is-layout-flow\" style=\"flex-basis: 66.79%;\">\n<figure class=\"wp-block-image size-full\"><img decoding=\"async\" width=\"600\" height=\"600\" class=\"wp-image-856\" src=\"https:\/\/imatges.mancovall.com\/mit39\/wp-content\/uploads\/2024\/10\/1_0011_CROMA.jpg\" alt=\"\" srcset=\"https:\/\/imatges.mancovall.com\/mit39\/wp-content\/uploads\/2024\/10\/1_0011_CROMA.jpg 600w, https:\/\/imatges.mancovall.com\/mit39\/wp-content\/uploads\/2024\/10\/1_0011_CROMA-300x300.jpg 300w, https:\/\/imatges.mancovall.com\/mit39\/wp-content\/uploads\/2024\/10\/1_0011_CROMA-150x150.jpg 150w, https:\/\/imatges.mancovall.com\/mit39\/wp-content\/uploads\/2024\/10\/1_0011_CROMA-500x500.jpg 500w, https:\/\/imatges.mancovall.com\/mit39\/wp-content\/uploads\/2024\/10\/1_0011_CROMA-100x100.jpg 100w\" sizes=\"(max-width: 600px) 100vw, 600px\" \/><\/figure>\n\n\n<div class=\"wp-block-buttons is-layout-flex wp-block-buttons-is-layout-flex\">\n<div class=\"wp-block-button is-style-secondary\"><a class=\"wp-block-button__link wp-element-button\" style=\"border-radius: 50px;\" href=\"https:\/\/imatges.mancovall.com\/mit39\/\">\u2190 Tornar<\/a><\/div>\n\n<\/div>\n\n\n<div class=\"wp-block-spacer\" style=\"height: 40px;\" aria-hidden=\"true\">\u00a0<\/div>\n\n<\/div>\n\n\n<div class=\"wp-block-column is-layout-flow wp-block-column-is-layout-flow\" style=\"flex-basis: 34%;\">\n<p class=\"has-neve-link-color-color has-text-color has-link-color wp-elements-71da2688ff0e4057a730261b8906935d\">Croma es comunica amb dibuixos i colors i aix\u00ed \u00e9s com ens comptar\u00e0 el seu viatge: de com va volar damunt d&#8217;un agr\u00f3, ballar amb els insectes i parlar amb les meduses per a trobar la seua nova casa.<\/p>\n<p>Croma \u00e9s una hist\u00f2ria dibuixada en directe i acolorida amb pinzells i molts poals de pintura que omplin l&#8217;escena d&#8217;imaginaci\u00f3, expressi\u00f3 pl\u00e0stica i poesia.<\/p>\n<p>Una experi\u00e8ncia sensorial per a embrutar-se, mesclar, esborrar, pintar i gaudir de les imatges i del joc teatral a trav\u00e9s de la mirada divertida i innocent d&#8217;este tendre personatge.<\/p>\n\n\n<p class=\"has-neve-link-color-color has-text-color\"><\/p>\n\n<div class=\"wp-block-buttons is-layout-flex wp-block-buttons-is-layout-flex\">\n<\/div>\n<p class=\"has-neve-link-color-color has-text-color\"><\/p>\n\n<hr class=\"wp-block-separator has-css-opacity is-style-wide\" \/>\n<p class=\"has-neve-link-color-color has-text-color\"><\/p>\n\n<p class=\"has-neve-link-color-color has-text-color has-link-color wp-elements-d53869e7879794f0ff1052a7ff5c6ae4\">L&#8217;Horta Teatre \u00e9s una companyia valenciana amb 45 anys de pres\u00e8ncia en el panorama teatral. Al llarg d&#8217;estos anys, hem realitzat m\u00e9s de 3.000 representacions, hem produ\u00eft m\u00e9s de 40 espectacles professionals i hem generat un posicionament art\u00edstic i una cultura empresarial reconeguda per al p\u00fablic.<\/p>\n<p class=\"has-neve-link-color-color has-text-color\"><\/p>\n\n<p class=\"has-neve-link-color-color has-text-color has-link-color wp-elements-7d176a1e57ee0362b24730f2ebad4e96\">Tots els espectacles produ\u00efts per L&#8217;Horta Teatre han sigut escrits per autors contemporanis, mantenint la nostra aposta decidida per dramaturgs valencians emergents i consolidats, ja que la normalitzaci\u00f3 de l&#8217;activitat teatral d&#8217;un pa\u00eds no es produe\u00efx fins que no t\u00e9 una producci\u00f3 liter\u00e0ria important.<\/p>\n<p class=\"has-neve-link-color-color has-text-color\"><\/p>\n\n<p class=\"has-neve-link-color-color has-text-color has-link-color wp-elements-374abbcb3af31bb985bf6514e1e80185\">En la nostra n\u00f2mina de creadors es troben, entre altres: Ferran Torrent, Carles Alberola, Pascual Alapont, Josep Maria Benet i Jornet, Rodolf Sirera, Eduardo Zamanillo, Ximo Llorens, Agust\u00ed Bartr\u00e1, Manolo Molins, Juan Pablo Mendiola, Roberto Garc\u00eda, Pau Pons, Ramon Madaula, N\u00faria Vizcarro, etc.<\/p>\n\n<\/div>\n\n<\/div>\n\n\n<div class=\"wp-block-spacer\" style=\"height: 40px;\" aria-hidden=\"true\">\u00a0<\/div>\n\n<\/div><\/div>\n\n<\/div>\n<\/div>\n\n<p>&nbsp;<\/p>\n<p>[\/vc_column_text][\/vc_column][\/vc_row]<\/p>\n","protected":false},"excerpt":{"rendered":"<p>[vc_row][vc_column][vc_column_text] CROMA, UNA HIST\u00d2RIA DIBUIXADA L\u2019 HORTA TEATRE (COMUNIDAD VALENCIANA) &nbsp; [\/vc_column_text][\/vc_column][\/vc_row]<\/p>\n","protected":false},"author":1,"featured_media":0,"parent":0,"menu_order":0,"comment_status":"closed","ping_status":"closed","template":"","meta":{"neve_meta_sidebar":"default","neve_meta_container":"","neve_meta_enable_content_width":"on","neve_meta_content_width":100,"neve_meta_title_alignment":"","neve_meta_author_avatar":"","neve_post_elements_order":"","neve_meta_disable_header":"","neve_meta_disable_footer":"","neve_meta_disable_title":"on","_vp_format_video_url":"","_vp_image_focal_point":[],"footnotes":""},"class_list":["post-447","page","type-page","status-publish","hentry"],"_links":{"self":[{"href":"https:\/\/imatges.mancovall.com\/mit39\/wp-json\/wp\/v2\/pages\/447","targetHints":{"allow":["GET"]}}],"collection":[{"href":"https:\/\/imatges.mancovall.com\/mit39\/wp-json\/wp\/v2\/pages"}],"about":[{"href":"https:\/\/imatges.mancovall.com\/mit39\/wp-json\/wp\/v2\/types\/page"}],"author":[{"embeddable":true,"href":"https:\/\/imatges.mancovall.com\/mit39\/wp-json\/wp\/v2\/users\/1"}],"replies":[{"embeddable":true,"href":"https:\/\/imatges.mancovall.com\/mit39\/wp-json\/wp\/v2\/comments?post=447"}],"version-history":[{"count":7,"href":"https:\/\/imatges.mancovall.com\/mit39\/wp-json\/wp\/v2\/pages\/447\/revisions"}],"predecessor-version":[{"id":914,"href":"https:\/\/imatges.mancovall.com\/mit39\/wp-json\/wp\/v2\/pages\/447\/revisions\/914"}],"wp:attachment":[{"href":"https:\/\/imatges.mancovall.com\/mit39\/wp-json\/wp\/v2\/media?parent=447"}],"curies":[{"name":"wp","href":"https:\/\/api.w.org\/{rel}","templated":true}]}}