{"id":438,"date":"2021-09-22T15:28:17","date_gmt":"2021-09-22T15:28:17","guid":{"rendered":"http:\/\/mostratitelles.com\/mit36\/?page_id=438"},"modified":"2024-10-31T17:36:38","modified_gmt":"2024-10-31T17:36:38","slug":"15c42-web-agency-gb-portfolio-single-copy-copy-copy-copy-copy-copy-copy-copy-copy","status":"publish","type":"page","link":"https:\/\/imatges.mancovall.com\/mit39\/15c42-web-agency-gb-portfolio-single-copy-copy-copy-copy-copy-copy-copy-copy-copy\/","title":{"rendered":"EL RETABLO (MADRID)"},"content":{"rendered":"<p>[vc_row][vc_column][vc_column_text]<\/p>\n<h1 class=\"wp-block-heading\"><mark class=\"has-inline-color has-neve-link-hover-color-color\" style=\"background-color: rgba(0, 0, 0, 0);\"><strong>MERMELHADA<\/strong><\/mark><\/h1>\n\n\n<h2 class=\"wp-block-heading\"><strong>EL RETABLO (MADRID)<\/strong><\/h2>\n\n\n<div class=\"wp-block-cover alignfull\" style=\"min-height: 600px;aspect-ratio:unset;\">\n<p>&nbsp;<\/p>\n<div class=\"wp-block-cover__inner-container is-layout-flow wp-block-cover-is-layout-flow\">\n<div class=\"wp-block-group\"><div class=\"wp-block-group__inner-container is-layout-flow wp-block-group-is-layout-flow\">\n<div class=\"wp-block-spacer\" style=\"height: 1px;\" aria-hidden=\"true\">\u00a0<\/div>\n\n\n<div class=\"wp-block-spacer\" style=\"height: 100px;\" aria-hidden=\"true\">\u00a0<\/div>\n\n\n<div class=\"wp-block-columns is-layout-flex wp-container-core-columns-is-layout-1 wp-block-columns-is-layout-flex\">\n<div class=\"wp-block-column is-layout-flow wp-block-column-is-layout-flow\" style=\"flex-basis: 66.79%;\">\n<figure class=\"wp-block-image size-full\"><img decoding=\"async\" width=\"600\" height=\"600\" class=\"wp-image-854\" src=\"https:\/\/imatges.mancovall.com\/mit39\/wp-content\/uploads\/2024\/10\/1_0009_MERMELHADA.jpg\" alt=\"\" srcset=\"https:\/\/imatges.mancovall.com\/mit39\/wp-content\/uploads\/2024\/10\/1_0009_MERMELHADA.jpg 600w, https:\/\/imatges.mancovall.com\/mit39\/wp-content\/uploads\/2024\/10\/1_0009_MERMELHADA-300x300.jpg 300w, https:\/\/imatges.mancovall.com\/mit39\/wp-content\/uploads\/2024\/10\/1_0009_MERMELHADA-150x150.jpg 150w, https:\/\/imatges.mancovall.com\/mit39\/wp-content\/uploads\/2024\/10\/1_0009_MERMELHADA-500x500.jpg 500w, https:\/\/imatges.mancovall.com\/mit39\/wp-content\/uploads\/2024\/10\/1_0009_MERMELHADA-100x100.jpg 100w\" sizes=\"(max-width: 600px) 100vw, 600px\" \/><\/figure>\n\n\n<div class=\"wp-block-buttons is-layout-flex wp-block-buttons-is-layout-flex\">\n<div class=\"wp-block-button is-style-secondary\"><a class=\"wp-block-button__link wp-element-button\" style=\"border-radius: 50px;\" href=\"https:\/\/imatges.mancovall.com\/mit39\/\">\u2190 Tornar<\/a><\/div>\n\n<\/div>\n\n\n<div class=\"wp-block-spacer\" style=\"height: 40px;\" aria-hidden=\"true\">\u00a0<\/div>\n\n<\/div>\n\n\n<div class=\"wp-block-column is-layout-flow wp-block-column-is-layout-flow\" style=\"flex-basis: 34%;\">\n<p class=\"has-neve-link-color-color has-text-color has-link-color wp-elements-27e3c2fd55947e11d7fe81e62a176d8b\">Al pa\u00eds de les fades, on tot \u00e9s bonic, meravell\u00f3s i fabul\u00f3s, viu una xicoteta fada anomenada Mermelhada.<\/p>\n<p>Mermelhada \u00e9s una fada molt bondadosa i vola per all\u00ed i per all\u00e0 buscant l&#8217;ocasi\u00f3 de fer una bona acci\u00f3. Per\u00f2 cada vegada que vol fer el b\u00e9 li ix malament\u2026 Desencantada amb la seua condici\u00f3 de fada, demana a una anciana bruixota que li ensenye alguns secrets de saviesa ancestral. Encara que una mil\u00b7len\u00e0ria rivalitat enfronta fades i bruixotes, l&#8217;anciana accepta. A poc a poc va creant-se un vincle molt especial entre mestra i alumna. Juntes s&#8217;enfrontaran a desafiaments i descobriran on residix el verdader poder de la m\u00e0gia.<\/p>\n<p>Titelles, objectes, ombres i altres recursos teatrals en una tendra hist\u00f2ria d&#8217;encanteris, m\u00e0gies i amistat. Una hist\u00f2ria que ens convida a tindre una altra mirada diferent dels contes de fades.<\/p>\n\n\n<p class=\"has-neve-link-color-color has-text-color\"><\/p>\n\n<div class=\"wp-block-buttons is-layout-flex wp-block-buttons-is-layout-flex\">\n<\/div>\n<p class=\"has-neve-link-color-color has-text-color\"><\/p>\n\n<hr class=\"wp-block-separator has-css-opacity is-style-wide\" \/>\n<p class=\"has-neve-link-color-color has-text-color\"><\/p>\n\n<p class=\"has-neve-link-color-color has-text-color has-link-color wp-elements-2397ba82bcfc8e5ee65202af946a87fe\">Pablo Vergne crea espectacles que es destaquen per la senzillesa i claredat amb qu\u00e8 aconseguixen apropar-se a la psicologia infantil, captant amb humor i delicadesa la manera en qu\u00e8 els xiquets vine i asseguen el m\u00f3n que els envolta. Una altra de les particularitats dels seus muntatges \u00e9s l&#8217;\u00fas d&#8217;objectes i materials reciclats que es transformen en personatges inoblidables. Per a este creador un objecte pot contindre una hist\u00f2ria oculta, cal saber escoltar i sentir perqu\u00e8 eixa hist\u00f2ria emergisca amb <strong>tota la seua poesia<\/strong>. En totes les seues obres queda l&#8217;empremta del seu segell personal, on el que importa no \u00e9s l&#8217;espectacular sin\u00f3 commoure a xiquets i majors amb mitjans senzills i artesanals on es pose en relleu una estudiada i acurada dramat\u00fargia. En definitiva, tant en la seua creaci\u00f3 com en la seua posada en escena, cada espectacle de Pablo Vergne \u00e9s un viatge, un viatge que ens parla d&#8217;aprenentatges, de somnis, de records, de vida i d&#8217;esperan\u00e7a. Un viatge m\u00e0gic on el p\u00fablic s&#8217;emociona, riu, gaudix, apr\u00e9n i es commou somiant amb els ulls oberts.<\/p>\n\n<\/div>\n\n<\/div>\n\n\n<div class=\"wp-block-spacer\" style=\"height: 40px;\" aria-hidden=\"true\">\u00a0<\/div>\n\n<\/div><\/div>\n\n<\/div>\n<\/div>\n\n<p>&nbsp;<\/p>\n<p>[\/vc_column_text][\/vc_column][\/vc_row]<\/p>\n","protected":false},"excerpt":{"rendered":"<p>[vc_row][vc_column][vc_column_text] MERMELHADA EL RETABLO (MADRID) &nbsp; [\/vc_column_text][\/vc_column][\/vc_row]<\/p>\n","protected":false},"author":1,"featured_media":0,"parent":0,"menu_order":0,"comment_status":"closed","ping_status":"closed","template":"","meta":{"neve_meta_sidebar":"default","neve_meta_container":"","neve_meta_enable_content_width":"on","neve_meta_content_width":100,"neve_meta_title_alignment":"","neve_meta_author_avatar":"","neve_post_elements_order":"","neve_meta_disable_header":"","neve_meta_disable_footer":"","neve_meta_disable_title":"on","_vp_format_video_url":"","_vp_image_focal_point":[],"footnotes":""},"class_list":["post-438","page","type-page","status-publish","hentry"],"_links":{"self":[{"href":"https:\/\/imatges.mancovall.com\/mit39\/wp-json\/wp\/v2\/pages\/438","targetHints":{"allow":["GET"]}}],"collection":[{"href":"https:\/\/imatges.mancovall.com\/mit39\/wp-json\/wp\/v2\/pages"}],"about":[{"href":"https:\/\/imatges.mancovall.com\/mit39\/wp-json\/wp\/v2\/types\/page"}],"author":[{"embeddable":true,"href":"https:\/\/imatges.mancovall.com\/mit39\/wp-json\/wp\/v2\/users\/1"}],"replies":[{"embeddable":true,"href":"https:\/\/imatges.mancovall.com\/mit39\/wp-json\/wp\/v2\/comments?post=438"}],"version-history":[{"count":6,"href":"https:\/\/imatges.mancovall.com\/mit39\/wp-json\/wp\/v2\/pages\/438\/revisions"}],"predecessor-version":[{"id":915,"href":"https:\/\/imatges.mancovall.com\/mit39\/wp-json\/wp\/v2\/pages\/438\/revisions\/915"}],"wp:attachment":[{"href":"https:\/\/imatges.mancovall.com\/mit39\/wp-json\/wp\/v2\/media?parent=438"}],"curies":[{"name":"wp","href":"https:\/\/api.w.org\/{rel}","templated":true}]}}

<p>[vc_row][vc_column][vc_column_text]</p>
<h1 class="wp-block-heading"><mark class="has-inline-color has-neve-link-hover-color-color" style="background-color: rgba(0, 0, 0, 0);"><strong>MERMELHADA</strong></mark></h1>


<h2 class="wp-block-heading"><strong>EL RETABLO (MADRID)</strong></h2>


<div class="wp-block-cover alignfull" style="min-height: 600px;aspect-ratio:unset;">
<p>&nbsp;</p>
<div class="wp-block-cover__inner-container is-layout-flow wp-block-cover-is-layout-flow">
<div class="wp-block-group"><div class="wp-block-group__inner-container is-layout-flow wp-block-group-is-layout-flow">
<div class="wp-block-spacer" style="height: 1px;" aria-hidden="true"> </div>


<div class="wp-block-spacer" style="height: 100px;" aria-hidden="true"> </div>


<div class="wp-block-columns is-layout-flex wp-container-core-columns-is-layout-1 wp-block-columns-is-layout-flex">
<div class="wp-block-column is-layout-flow wp-block-column-is-layout-flow" style="flex-basis: 66.79%;">
<figure class="wp-block-image size-full"><img decoding="async" width="600" height="600" class="wp-image-854" src="https://imatges.mancovall.com/mit39/wp-content/uploads/2024/10/1_0009_MERMELHADA.jpg" alt="" srcset="https://imatges.mancovall.com/mit39/wp-content/uploads/2024/10/1_0009_MERMELHADA.jpg 600w, https://imatges.mancovall.com/mit39/wp-content/uploads/2024/10/1_0009_MERMELHADA-300x300.jpg 300w, https://imatges.mancovall.com/mit39/wp-content/uploads/2024/10/1_0009_MERMELHADA-150x150.jpg 150w, https://imatges.mancovall.com/mit39/wp-content/uploads/2024/10/1_0009_MERMELHADA-500x500.jpg 500w, https://imatges.mancovall.com/mit39/wp-content/uploads/2024/10/1_0009_MERMELHADA-100x100.jpg 100w" sizes="(max-width: 600px) 100vw, 600px" /></figure>


<div class="wp-block-buttons is-layout-flex wp-block-buttons-is-layout-flex">
<div class="wp-block-button is-style-secondary"><a class="wp-block-button__link wp-element-button" style="border-radius: 50px;" href="https://imatges.mancovall.com/mit39/">← Tornar</a></div>

</div>


<div class="wp-block-spacer" style="height: 40px;" aria-hidden="true"> </div>

</div>


<div class="wp-block-column is-layout-flow wp-block-column-is-layout-flow" style="flex-basis: 34%;">
<p class="has-neve-link-color-color has-text-color has-link-color wp-elements-27e3c2fd55947e11d7fe81e62a176d8b">Al país de les fades, on tot és bonic, meravellós i fabulós, viu una xicoteta fada anomenada Mermelhada.</p>
<p>Mermelhada és una fada molt bondadosa i vola per allí i per allà buscant l&#8217;ocasió de fer una bona acció. Però cada vegada que vol fer el bé li ix malament… Desencantada amb la seua condició de fada, demana a una anciana bruixota que li ensenye alguns secrets de saviesa ancestral. Encara que una mil·lenària rivalitat enfronta fades i bruixotes, l&#8217;anciana accepta. A poc a poc va creant-se un vincle molt especial entre mestra i alumna. Juntes s&#8217;enfrontaran a desafiaments i descobriran on residix el verdader poder de la màgia.</p>
<p>Titelles, objectes, ombres i altres recursos teatrals en una tendra història d&#8217;encanteris, màgies i amistat. Una història que ens convida a tindre una altra mirada diferent dels contes de fades.</p>


<p class="has-neve-link-color-color has-text-color"></p>

<div class="wp-block-buttons is-layout-flex wp-block-buttons-is-layout-flex">
</div>
<p class="has-neve-link-color-color has-text-color"></p>

<hr class="wp-block-separator has-css-opacity is-style-wide" />
<p class="has-neve-link-color-color has-text-color"></p>

<p class="has-neve-link-color-color has-text-color has-link-color wp-elements-2397ba82bcfc8e5ee65202af946a87fe">Pablo Vergne crea espectacles que es destaquen per la senzillesa i claredat amb què aconseguixen apropar-se a la psicologia infantil, captant amb humor i delicadesa la manera en què els xiquets vine i asseguen el món que els envolta. Una altra de les particularitats dels seus muntatges és l&#8217;ús d&#8217;objectes i materials reciclats que es transformen en personatges inoblidables. Per a este creador un objecte pot contindre una història oculta, cal saber escoltar i sentir perquè eixa història emergisca amb <strong>tota la seua poesia</strong>. En totes les seues obres queda l&#8217;empremta del seu segell personal, on el que importa no és l&#8217;espectacular sinó commoure a xiquets i majors amb mitjans senzills i artesanals on es pose en relleu una estudiada i acurada dramatúrgia. En definitiva, tant en la seua creació com en la seua posada en escena, cada espectacle de Pablo Vergne és un viatge, un viatge que ens parla d&#8217;aprenentatges, de somnis, de records, de vida i d&#8217;esperança. Un viatge màgic on el públic s&#8217;emociona, riu, gaudix, aprén i es commou somiant amb els ulls oberts.</p>

</div>

</div>


<div class="wp-block-spacer" style="height: 40px;" aria-hidden="true"> </div>

</div></div>

</div>
</div>

<p>&nbsp;</p>
<p>[/vc_column_text][/vc_column][/vc_row]</p>
