{"id":434,"date":"2021-09-22T15:26:12","date_gmt":"2021-09-22T15:26:12","guid":{"rendered":"http:\/\/mostratitelles.com\/mit36\/?page_id=434"},"modified":"2024-10-31T17:34:11","modified_gmt":"2024-10-31T17:34:11","slug":"15c42-web-agency-gb-portfolio-single-copy-copy-copy-copy-copy-copy-copy-copy","status":"publish","type":"page","link":"https:\/\/imatges.mancovall.com\/mit39\/15c42-web-agency-gb-portfolio-single-copy-copy-copy-copy-copy-copy-copy-copy\/","title":{"rendered":"T\u00cdTERES LA MATALLINA"},"content":{"rendered":"<p>[vc_row][vc_column][vc_column_text]<\/p>\n<h1 class=\"wp-block-heading\"><mark class=\"has-inline-color has-neve-link-hover-color-color\" style=\"background-color: rgba(0, 0, 0, 0);\">ALL\u00d2 QUE ENS UNEIX<\/mark><\/h1>\n\n\n<h2 class=\"wp-block-heading\">T\u00cdTERES LA MATALLINA<\/h2>\n\n\n<div class=\"wp-block-cover alignfull\" style=\"min-height: 600px;aspect-ratio:unset;\">\n<p>&nbsp;<\/p>\n<div class=\"wp-block-cover__inner-container is-layout-flow wp-block-cover-is-layout-flow\">\n<div class=\"wp-block-group\"><div class=\"wp-block-group__inner-container is-layout-flow wp-block-group-is-layout-flow\">\n<div class=\"wp-block-spacer\" style=\"height: 1px;\" aria-hidden=\"true\">\u00a0<\/div>\n\n\n<div class=\"wp-block-spacer\" style=\"height: 100px;\" aria-hidden=\"true\">\u00a0<\/div>\n\n\n<div class=\"wp-block-columns is-layout-flex wp-container-core-columns-is-layout-1 wp-block-columns-is-layout-flex\">\n<div class=\"wp-block-column is-layout-flow wp-block-column-is-layout-flow\" style=\"flex-basis: 66.79%;\">\n<figure class=\"wp-block-image size-full\"><img decoding=\"async\" width=\"600\" height=\"600\" class=\"wp-image-850\" src=\"https:\/\/imatges.mancovall.com\/mit39\/wp-content\/uploads\/2024\/10\/1_0005_ALLO.jpg\" alt=\"\" srcset=\"https:\/\/imatges.mancovall.com\/mit39\/wp-content\/uploads\/2024\/10\/1_0005_ALLO.jpg 600w, https:\/\/imatges.mancovall.com\/mit39\/wp-content\/uploads\/2024\/10\/1_0005_ALLO-300x300.jpg 300w, https:\/\/imatges.mancovall.com\/mit39\/wp-content\/uploads\/2024\/10\/1_0005_ALLO-150x150.jpg 150w, https:\/\/imatges.mancovall.com\/mit39\/wp-content\/uploads\/2024\/10\/1_0005_ALLO-500x500.jpg 500w, https:\/\/imatges.mancovall.com\/mit39\/wp-content\/uploads\/2024\/10\/1_0005_ALLO-100x100.jpg 100w\" sizes=\"(max-width: 600px) 100vw, 600px\" \/><\/figure>\n\n\n<div class=\"wp-block-buttons is-layout-flex wp-block-buttons-is-layout-flex\">\n<div class=\"wp-block-button is-style-secondary\"><a class=\"wp-block-button__link wp-element-button\" style=\"border-radius: 50px;\" href=\"https:\/\/imatges.mancovall.com\/mit39\/\">\u2190 Tornar<\/a><\/div>\n\n<\/div>\n\n\n<div class=\"wp-block-spacer\" style=\"height: 40px;\" aria-hidden=\"true\">\u00a0<\/div>\n\n<\/div>\n\n\n<div class=\"wp-block-column is-layout-flow wp-block-column-is-layout-flow\" style=\"flex-basis: 34%;\">\n<p class=\"has-neve-link-color-color has-text-color has-link-color wp-elements-26f178cc5195688468339dce459764f6\">D\u2019on venen els contes, on han nascut? Per qu\u00e8 s\u2019escolten les mateixes hist\u00f2ries en pobles tan llunyans? Com podem a ver crescut amb els mateixos contes si hem nascut en llocs tan diferents?<\/p>\n<p>Porte una vida escoltant contes, per\u00f2 a vegades els oblide i he de buscar-los en la meua mem\u00f2ria, com si navegara per una mar pel qual solquen vaixells carregats de records que em murmuren paralules bressolades per les ones. Paraules que arriben a port per a dormir plors i despertar somnis. Paraules que ens uneixen per eixa mar que ens abra\u00e7a, com el feia la nostra mare quan ens contaba un conte. Un espectacle de teatre d\u2019objectes on descobrirem les similituds i difer\u00e8ncies d\u2019un mateix compte en diferents pobles.<\/p>\n\n\n<p class=\"has-neve-link-color-color has-text-color\"><\/p>\n\n<div class=\"wp-block-buttons is-layout-flex wp-block-buttons-is-layout-flex\">\n<\/div>\n<p class=\"has-neve-link-color-color has-text-color\"><\/p>\n\n<hr class=\"wp-block-separator has-css-opacity is-style-wide\" \/>\n<p class=\"has-neve-link-color-color has-text-color\"><\/p>\n\n<p class=\"has-neve-link-color-color has-text-color has-link-color wp-elements-60f66e2b273508d0203623bb7388394f\">La companyia naix al setembre del 2013 amb el nom de Titelles de conte com a projecte en solitari d&#8217;Elisa M. \u00a0Matall\u00edn, qui va heretar del seu avi, mestre i titellaire la seua afici\u00f3 per escoltar i contar hist\u00f2ries. Els seus estudis universitaris li van permetre con\u00e9ixer els contes impresos i fins a estudiar-los, per\u00f2 el que de veritat la va convertir en narradora va ser contar per als seus fills i descobrir que les hist\u00f2ries sempre s&#8217;han de comptar amb amor. Des del 2020 passa a dir-se Titelles La Matallina.<\/p>\n\n<\/div>\n\n<\/div>\n\n\n<div class=\"wp-block-spacer\" style=\"height: 40px;\" aria-hidden=\"true\">\u00a0<\/div>\n\n<\/div><\/div>\n\n<\/div>\n<\/div>\n\n<p>&nbsp;<\/p>\n<p>[\/vc_column_text][\/vc_column][\/vc_row]<\/p>\n","protected":false},"excerpt":{"rendered":"<p>[vc_row][vc_column][vc_column_text] ALL\u00d2 QUE ENS UNEIX T\u00cdTERES LA MATALLINA &nbsp; [\/vc_column_text][\/vc_column][\/vc_row]<\/p>\n","protected":false},"author":1,"featured_media":0,"parent":0,"menu_order":0,"comment_status":"closed","ping_status":"closed","template":"","meta":{"neve_meta_sidebar":"default","neve_meta_container":"","neve_meta_enable_content_width":"on","neve_meta_content_width":100,"neve_meta_title_alignment":"","neve_meta_author_avatar":"","neve_post_elements_order":"","neve_meta_disable_header":"","neve_meta_disable_footer":"","neve_meta_disable_title":"on","_vp_format_video_url":"","_vp_image_focal_point":[],"footnotes":""},"class_list":["post-434","page","type-page","status-publish","hentry"],"_links":{"self":[{"href":"https:\/\/imatges.mancovall.com\/mit39\/wp-json\/wp\/v2\/pages\/434","targetHints":{"allow":["GET"]}}],"collection":[{"href":"https:\/\/imatges.mancovall.com\/mit39\/wp-json\/wp\/v2\/pages"}],"about":[{"href":"https:\/\/imatges.mancovall.com\/mit39\/wp-json\/wp\/v2\/types\/page"}],"author":[{"embeddable":true,"href":"https:\/\/imatges.mancovall.com\/mit39\/wp-json\/wp\/v2\/users\/1"}],"replies":[{"embeddable":true,"href":"https:\/\/imatges.mancovall.com\/mit39\/wp-json\/wp\/v2\/comments?post=434"}],"version-history":[{"count":7,"href":"https:\/\/imatges.mancovall.com\/mit39\/wp-json\/wp\/v2\/pages\/434\/revisions"}],"predecessor-version":[{"id":910,"href":"https:\/\/imatges.mancovall.com\/mit39\/wp-json\/wp\/v2\/pages\/434\/revisions\/910"}],"wp:attachment":[{"href":"https:\/\/imatges.mancovall.com\/mit39\/wp-json\/wp\/v2\/media?parent=434"}],"curies":[{"name":"wp","href":"https:\/\/api.w.org\/{rel}","templated":true}]}}

TÍTERES LA MATALLINA

<p>[vc_row][vc_column][vc_column_text]</p>
<h1 class="wp-block-heading"><mark class="has-inline-color has-neve-link-hover-color-color" style="background-color: rgba(0, 0, 0, 0);">ALLÒ QUE ENS UNEIX</mark></h1>


<h2 class="wp-block-heading">TÍTERES LA MATALLINA</h2>


<div class="wp-block-cover alignfull" style="min-height: 600px;aspect-ratio:unset;">
<p>&nbsp;</p>
<div class="wp-block-cover__inner-container is-layout-flow wp-block-cover-is-layout-flow">
<div class="wp-block-group"><div class="wp-block-group__inner-container is-layout-flow wp-block-group-is-layout-flow">
<div class="wp-block-spacer" style="height: 1px;" aria-hidden="true"> </div>


<div class="wp-block-spacer" style="height: 100px;" aria-hidden="true"> </div>


<div class="wp-block-columns is-layout-flex wp-container-core-columns-is-layout-1 wp-block-columns-is-layout-flex">
<div class="wp-block-column is-layout-flow wp-block-column-is-layout-flow" style="flex-basis: 66.79%;">
<figure class="wp-block-image size-full"><img decoding="async" width="600" height="600" class="wp-image-850" src="https://imatges.mancovall.com/mit39/wp-content/uploads/2024/10/1_0005_ALLO.jpg" alt="" srcset="https://imatges.mancovall.com/mit39/wp-content/uploads/2024/10/1_0005_ALLO.jpg 600w, https://imatges.mancovall.com/mit39/wp-content/uploads/2024/10/1_0005_ALLO-300x300.jpg 300w, https://imatges.mancovall.com/mit39/wp-content/uploads/2024/10/1_0005_ALLO-150x150.jpg 150w, https://imatges.mancovall.com/mit39/wp-content/uploads/2024/10/1_0005_ALLO-500x500.jpg 500w, https://imatges.mancovall.com/mit39/wp-content/uploads/2024/10/1_0005_ALLO-100x100.jpg 100w" sizes="(max-width: 600px) 100vw, 600px" /></figure>


<div class="wp-block-buttons is-layout-flex wp-block-buttons-is-layout-flex">
<div class="wp-block-button is-style-secondary"><a class="wp-block-button__link wp-element-button" style="border-radius: 50px;" href="https://imatges.mancovall.com/mit39/">← Tornar</a></div>

</div>


<div class="wp-block-spacer" style="height: 40px;" aria-hidden="true"> </div>

</div>


<div class="wp-block-column is-layout-flow wp-block-column-is-layout-flow" style="flex-basis: 34%;">
<p class="has-neve-link-color-color has-text-color has-link-color wp-elements-26f178cc5195688468339dce459764f6">D’on venen els contes, on han nascut? Per què s’escolten les mateixes històries en pobles tan llunyans? Com podem a ver crescut amb els mateixos contes si hem nascut en llocs tan diferents?</p>
<p>Porte una vida escoltant contes, però a vegades els oblide i he de buscar-los en la meua memòria, com si navegara per una mar pel qual solquen vaixells carregats de records que em murmuren paralules bressolades per les ones. Paraules que arriben a port per a dormir plors i despertar somnis. Paraules que ens uneixen per eixa mar que ens abraça, com el feia la nostra mare quan ens contaba un conte. Un espectacle de teatre d’objectes on descobrirem les similituds i diferències d’un mateix compte en diferents pobles.</p>


<p class="has-neve-link-color-color has-text-color"></p>

<div class="wp-block-buttons is-layout-flex wp-block-buttons-is-layout-flex">
</div>
<p class="has-neve-link-color-color has-text-color"></p>

<hr class="wp-block-separator has-css-opacity is-style-wide" />
<p class="has-neve-link-color-color has-text-color"></p>

<p class="has-neve-link-color-color has-text-color has-link-color wp-elements-60f66e2b273508d0203623bb7388394f">La companyia naix al setembre del 2013 amb el nom de Titelles de conte com a projecte en solitari d&#8217;Elisa M.  Matallín, qui va heretar del seu avi, mestre i titellaire la seua afició per escoltar i contar històries. Els seus estudis universitaris li van permetre conéixer els contes impresos i fins a estudiar-los, però el que de veritat la va convertir en narradora va ser contar per als seus fills i descobrir que les històries sempre s&#8217;han de comptar amb amor. Des del 2020 passa a dir-se Titelles La Matallina.</p>

</div>

</div>


<div class="wp-block-spacer" style="height: 40px;" aria-hidden="true"> </div>

</div></div>

</div>
</div>

<p>&nbsp;</p>
<p>[/vc_column_text][/vc_column][/vc_row]</p>

<p>[vc_row][vc_column][vc_column_text] ALLÒ QUE ENS UNEIX TÍTERES LA MATALLINA &nbsp; [/vc_column_text][/vc_column][/vc_row]</p>
