{"id":428,"date":"2021-09-22T15:22:11","date_gmt":"2021-09-22T15:22:11","guid":{"rendered":"http:\/\/mostratitelles.com\/mit36\/?page_id=428"},"modified":"2024-10-31T17:31:08","modified_gmt":"2024-10-31T17:31:08","slug":"15c42-web-agency-gb-portfolio-single-copy-copy-copy-copy-copy-copy","status":"publish","type":"page","link":"https:\/\/imatges.mancovall.com\/mit39\/15c42-web-agency-gb-portfolio-single-copy-copy-copy-copy-copy-copy\/","title":{"rendered":"CAL TEATRE (CATALUNYA)"},"content":{"rendered":"<p>[vc_row][vc_column][vc_column_text]<\/p>\n<h1 class=\"wp-block-heading\"><mark class=\"has-inline-color has-neve-link-hover-color-color\" style=\"background-color: rgba(0, 0, 0, 0);\"><strong>MENTIDA PODRIDA<\/strong><\/mark><\/h1>\n\n\n<h2 class=\"wp-block-heading\">CAL TEATRE (CATALUNYA)<\/h2>\n\n\n<div class=\"wp-block-cover alignfull\" style=\"min-height: 600px;aspect-ratio:unset;\">\n<p>&nbsp;<\/p>\n<div class=\"wp-block-cover__inner-container is-layout-flow wp-block-cover-is-layout-flow\">\n<div class=\"wp-block-group\"><div class=\"wp-block-group__inner-container is-layout-flow wp-block-group-is-layout-flow\">\n<div class=\"wp-block-spacer\" style=\"height: 1px;\" aria-hidden=\"true\">\u00a0<\/div>\n\n\n<div class=\"wp-block-spacer\" style=\"height: 100px;\" aria-hidden=\"true\">\u00a0<\/div>\n\n\n<div class=\"wp-block-columns is-layout-flex wp-container-core-columns-is-layout-1 wp-block-columns-is-layout-flex\">\n<div class=\"wp-block-column is-layout-flow wp-block-column-is-layout-flow\" style=\"flex-basis: 66.79%;\">\n<figure class=\"wp-block-image size-full\"><img decoding=\"async\" width=\"600\" height=\"600\" class=\"wp-image-851\" src=\"https:\/\/imatges.mancovall.com\/mit39\/wp-content\/uploads\/2024\/10\/1_0006_MENTIDA.jpg\" alt=\"\" srcset=\"https:\/\/imatges.mancovall.com\/mit39\/wp-content\/uploads\/2024\/10\/1_0006_MENTIDA.jpg 600w, https:\/\/imatges.mancovall.com\/mit39\/wp-content\/uploads\/2024\/10\/1_0006_MENTIDA-300x300.jpg 300w, https:\/\/imatges.mancovall.com\/mit39\/wp-content\/uploads\/2024\/10\/1_0006_MENTIDA-150x150.jpg 150w, https:\/\/imatges.mancovall.com\/mit39\/wp-content\/uploads\/2024\/10\/1_0006_MENTIDA-500x500.jpg 500w, https:\/\/imatges.mancovall.com\/mit39\/wp-content\/uploads\/2024\/10\/1_0006_MENTIDA-100x100.jpg 100w\" sizes=\"(max-width: 600px) 100vw, 600px\" \/><\/figure>\n\n\n<div class=\"wp-block-buttons is-layout-flex wp-block-buttons-is-layout-flex\">\n<div class=\"wp-block-button is-style-secondary\"><a class=\"wp-block-button__link wp-element-button\" style=\"border-radius: 50px;\" href=\"https:\/\/imatges.mancovall.com\/mit39\/\">\u2190 Tornar<\/a><\/div>\n\n<\/div>\n\n\n<div class=\"wp-block-spacer\" style=\"height: 40px;\" aria-hidden=\"true\">\u00a0<\/div>\n\n<\/div>\n\n\n<div class=\"wp-block-column is-layout-flow wp-block-column-is-layout-flow\" style=\"flex-basis: 34%;\">\n<p class=\"has-nv-dark-bg-color has-text-color\">Es pot viure dins d&#8217;una mentida? Qui no ha dit mai una mentida? Qui diga que mai ha mentit a l&#8217;escola, al carrer, a casa, jugant al futbol o al parx\u00eds, estar\u00e0 mentint. Mentixen en la tele i en internet. Els contes s\u00f3n una mentida. Mentides que amaguen veritats. Veritats que amaguen mentides.<\/p>\n<p>MENTIDA PODRIDA \u00e9s un espectacle que proposa una reflexi\u00f3 sobre la mentida i la veritat a partir de la hist\u00f2ria d&#8217;un xiquet que rebutja la seua realitat. Dos arquitectes, experts a crear mentides, l&#8217;ajudaran a crear una nova identitat. S&#8217;aguantar\u00e0 la mentida?<\/p>\n\n\n<p class=\"has-neve-link-color-color has-text-color\"><\/p>\n\n<div class=\"wp-block-buttons is-layout-flex wp-block-buttons-is-layout-flex\">\n<\/div>\n<p class=\"has-neve-link-color-color has-text-color\"><\/p>\n\n<hr class=\"wp-block-separator has-css-opacity is-style-wide\" \/>\n<p class=\"has-neve-link-color-color has-text-color\"><\/p>\n\n<p class=\"has-nv-dark-bg-color has-text-color\">Cal Teatre naix en 2014 amb la idea d&#8217;aportar una visi\u00f3 pr\u00f2pia sobre el teatre infantil i familiar. Dos dels seus fundadors es van formar en el Institut del Teatre de Catalunya en la disciplina de Teatre F\u00edsic i Visual. Tots els elements que intervenen en esta branca de les arts esc\u00e8niques, convergixen en la creaci\u00f3 dels nostres espectacles. D&#8217;alguna manera volem reflexionar des de l&#8217;escenari sobre totes les possibilitats que oferix el teatre infantil, on no hi ha m\u00e9s barrera que la imaginaci\u00f3, per\u00f2 sent molt conscients que ens enfrontem al p\u00fablic m\u00e9s exigent de tots: els xiquets.<br \/>Amb gust acceptem este desafiament, gaudint amb l&#8217;experimentaci\u00f3 en les nostres propostes i proposant una mirada enriquidora sobre el m\u00f3n que ens envolta.<\/p>\n<p class=\"has-neve-link-color-color has-text-color\"><\/p>\n\n\n<\/div>\n\n<\/div>\n\n\n<div class=\"wp-block-spacer\" style=\"height: 40px;\" aria-hidden=\"true\">\u00a0<\/div>\n\n<\/div><\/div>\n\n<\/div>\n<\/div>\n\n<p>&nbsp;<\/p>\n<p>[\/vc_column_text][\/vc_column][\/vc_row]<\/p>\n","protected":false},"excerpt":{"rendered":"<p>[vc_row][vc_column][vc_column_text] MENTIDA PODRIDA CAL TEATRE (CATALUNYA) &nbsp; [\/vc_column_text][\/vc_column][\/vc_row]<\/p>\n","protected":false},"author":1,"featured_media":0,"parent":0,"menu_order":0,"comment_status":"closed","ping_status":"closed","template":"","meta":{"neve_meta_sidebar":"default","neve_meta_container":"","neve_meta_enable_content_width":"on","neve_meta_content_width":100,"neve_meta_title_alignment":"","neve_meta_author_avatar":"","neve_post_elements_order":"","neve_meta_disable_header":"","neve_meta_disable_footer":"","neve_meta_disable_title":"on","_vp_format_video_url":"","_vp_image_focal_point":[],"footnotes":""},"class_list":["post-428","page","type-page","status-publish","hentry"],"_links":{"self":[{"href":"https:\/\/imatges.mancovall.com\/mit39\/wp-json\/wp\/v2\/pages\/428","targetHints":{"allow":["GET"]}}],"collection":[{"href":"https:\/\/imatges.mancovall.com\/mit39\/wp-json\/wp\/v2\/pages"}],"about":[{"href":"https:\/\/imatges.mancovall.com\/mit39\/wp-json\/wp\/v2\/types\/page"}],"author":[{"embeddable":true,"href":"https:\/\/imatges.mancovall.com\/mit39\/wp-json\/wp\/v2\/users\/1"}],"replies":[{"embeddable":true,"href":"https:\/\/imatges.mancovall.com\/mit39\/wp-json\/wp\/v2\/comments?post=428"}],"version-history":[{"count":9,"href":"https:\/\/imatges.mancovall.com\/mit39\/wp-json\/wp\/v2\/pages\/428\/revisions"}],"predecessor-version":[{"id":906,"href":"https:\/\/imatges.mancovall.com\/mit39\/wp-json\/wp\/v2\/pages\/428\/revisions\/906"}],"wp:attachment":[{"href":"https:\/\/imatges.mancovall.com\/mit39\/wp-json\/wp\/v2\/media?parent=428"}],"curies":[{"name":"wp","href":"https:\/\/api.w.org\/{rel}","templated":true}]}}

<p>[vc_row][vc_column][vc_column_text]</p>
<h1 class="wp-block-heading"><mark class="has-inline-color has-neve-link-hover-color-color" style="background-color: rgba(0, 0, 0, 0);"><strong>MENTIDA PODRIDA</strong></mark></h1>


<h2 class="wp-block-heading">CAL TEATRE (CATALUNYA)</h2>


<div class="wp-block-cover alignfull" style="min-height: 600px;aspect-ratio:unset;">
<p>&nbsp;</p>
<div class="wp-block-cover__inner-container is-layout-flow wp-block-cover-is-layout-flow">
<div class="wp-block-group"><div class="wp-block-group__inner-container is-layout-flow wp-block-group-is-layout-flow">
<div class="wp-block-spacer" style="height: 1px;" aria-hidden="true"> </div>


<div class="wp-block-spacer" style="height: 100px;" aria-hidden="true"> </div>


<div class="wp-block-columns is-layout-flex wp-container-core-columns-is-layout-1 wp-block-columns-is-layout-flex">
<div class="wp-block-column is-layout-flow wp-block-column-is-layout-flow" style="flex-basis: 66.79%;">
<figure class="wp-block-image size-full"><img decoding="async" width="600" height="600" class="wp-image-851" src="https://imatges.mancovall.com/mit39/wp-content/uploads/2024/10/1_0006_MENTIDA.jpg" alt="" srcset="https://imatges.mancovall.com/mit39/wp-content/uploads/2024/10/1_0006_MENTIDA.jpg 600w, https://imatges.mancovall.com/mit39/wp-content/uploads/2024/10/1_0006_MENTIDA-300x300.jpg 300w, https://imatges.mancovall.com/mit39/wp-content/uploads/2024/10/1_0006_MENTIDA-150x150.jpg 150w, https://imatges.mancovall.com/mit39/wp-content/uploads/2024/10/1_0006_MENTIDA-500x500.jpg 500w, https://imatges.mancovall.com/mit39/wp-content/uploads/2024/10/1_0006_MENTIDA-100x100.jpg 100w" sizes="(max-width: 600px) 100vw, 600px" /></figure>


<div class="wp-block-buttons is-layout-flex wp-block-buttons-is-layout-flex">
<div class="wp-block-button is-style-secondary"><a class="wp-block-button__link wp-element-button" style="border-radius: 50px;" href="https://imatges.mancovall.com/mit39/">← Tornar</a></div>

</div>


<div class="wp-block-spacer" style="height: 40px;" aria-hidden="true"> </div>

</div>


<div class="wp-block-column is-layout-flow wp-block-column-is-layout-flow" style="flex-basis: 34%;">
<p class="has-nv-dark-bg-color has-text-color">Es pot viure dins d&#8217;una mentida? Qui no ha dit mai una mentida? Qui diga que mai ha mentit a l&#8217;escola, al carrer, a casa, jugant al futbol o al parxís, estarà mentint. Mentixen en la tele i en internet. Els contes són una mentida. Mentides que amaguen veritats. Veritats que amaguen mentides.</p>
<p>MENTIDA PODRIDA és un espectacle que proposa una reflexió sobre la mentida i la veritat a partir de la història d&#8217;un xiquet que rebutja la seua realitat. Dos arquitectes, experts a crear mentides, l&#8217;ajudaran a crear una nova identitat. S&#8217;aguantarà la mentida?</p>


<p class="has-neve-link-color-color has-text-color"></p>

<div class="wp-block-buttons is-layout-flex wp-block-buttons-is-layout-flex">
</div>
<p class="has-neve-link-color-color has-text-color"></p>

<hr class="wp-block-separator has-css-opacity is-style-wide" />
<p class="has-neve-link-color-color has-text-color"></p>

<p class="has-nv-dark-bg-color has-text-color">Cal Teatre naix en 2014 amb la idea d&#8217;aportar una visió pròpia sobre el teatre infantil i familiar. Dos dels seus fundadors es van formar en el Institut del Teatre de Catalunya en la disciplina de Teatre Físic i Visual. Tots els elements que intervenen en esta branca de les arts escèniques, convergixen en la creació dels nostres espectacles. D&#8217;alguna manera volem reflexionar des de l&#8217;escenari sobre totes les possibilitats que oferix el teatre infantil, on no hi ha més barrera que la imaginació, però sent molt conscients que ens enfrontem al públic més exigent de tots: els xiquets.<br />Amb gust acceptem este desafiament, gaudint amb l&#8217;experimentació en les nostres propostes i proposant una mirada enriquidora sobre el món que ens envolta.</p>
<p class="has-neve-link-color-color has-text-color"></p>


</div>

</div>


<div class="wp-block-spacer" style="height: 40px;" aria-hidden="true"> </div>

</div></div>

</div>
</div>

<p>&nbsp;</p>
<p>[/vc_column_text][/vc_column][/vc_row]</p>
