{"id":409,"date":"2021-09-22T15:11:02","date_gmt":"2021-09-22T15:11:02","guid":{"rendered":"http:\/\/mostratitelles.com\/mit36\/?page_id=409"},"modified":"2024-10-31T17:35:19","modified_gmt":"2024-10-31T17:35:19","slug":"15c42-web-agency-gb-portfolio-single-copy-copy-copy","status":"publish","type":"page","link":"https:\/\/imatges.mancovall.com\/mit39\/15c42-web-agency-gb-portfolio-single-copy-copy-copy\/","title":{"rendered":"T\u00cdTERES LA MATALLINA"},"content":{"rendered":"<p>[vc_row][vc_column][vc_column_text]<\/p>\n<h1 class=\"wp-block-heading\"><mark class=\"has-inline-color has-neve-link-hover-color-color\" style=\"background-color: rgba(0, 0, 0, 0);\">CANASTRETA DE CONTES<\/mark><\/h1>\n\n\n<h2 class=\"wp-block-heading\">T\u00cdTERES LA MATALLINA<\/h2>\n\n\n<div class=\"wp-block-cover alignfull\" style=\"min-height: 600px;aspect-ratio:unset;\">\n<p>&nbsp;<\/p>\n<div class=\"wp-block-cover__inner-container is-layout-flow wp-block-cover-is-layout-flow\">\n<div class=\"wp-block-group\"><div class=\"wp-block-group__inner-container is-layout-flow wp-block-group-is-layout-flow\">\n<div class=\"wp-block-spacer\" style=\"height: 1px;\" aria-hidden=\"true\">\u00a0<\/div>\n\n\n<div class=\"wp-block-spacer\" style=\"height: 100px;\" aria-hidden=\"true\">\u00a0<\/div>\n\n\n<div class=\"wp-block-columns is-layout-flex wp-container-core-columns-is-layout-1 wp-block-columns-is-layout-flex\">\n<div class=\"wp-block-column is-layout-flow wp-block-column-is-layout-flow\" style=\"flex-basis: 66.79%;\">\n<figure class=\"wp-block-image size-full\"><img decoding=\"async\" width=\"600\" height=\"600\" class=\"wp-image-849\" src=\"https:\/\/imatges.mancovall.com\/mit39\/wp-content\/uploads\/2024\/10\/1_0004_CANASTRETA.jpg\" alt=\"\" srcset=\"https:\/\/imatges.mancovall.com\/mit39\/wp-content\/uploads\/2024\/10\/1_0004_CANASTRETA.jpg 600w, https:\/\/imatges.mancovall.com\/mit39\/wp-content\/uploads\/2024\/10\/1_0004_CANASTRETA-300x300.jpg 300w, https:\/\/imatges.mancovall.com\/mit39\/wp-content\/uploads\/2024\/10\/1_0004_CANASTRETA-150x150.jpg 150w, https:\/\/imatges.mancovall.com\/mit39\/wp-content\/uploads\/2024\/10\/1_0004_CANASTRETA-500x500.jpg 500w, https:\/\/imatges.mancovall.com\/mit39\/wp-content\/uploads\/2024\/10\/1_0004_CANASTRETA-100x100.jpg 100w\" sizes=\"(max-width: 600px) 100vw, 600px\" \/><\/figure>\n\n\n<div class=\"wp-block-buttons is-layout-flex wp-block-buttons-is-layout-flex\">\n<div class=\"wp-block-button is-style-secondary\"><a class=\"wp-block-button__link wp-element-button\" style=\"border-radius: 50px;\" href=\"https:\/\/imatges.mancovall.com\/mit39\/\">\u2190 Tornar<\/a><\/div>\n\n<\/div>\n\n\n<div class=\"wp-block-spacer\" style=\"height: 40px;\" aria-hidden=\"true\">\u00a0<\/div>\n\n<\/div>\n\n\n<div class=\"wp-block-column is-layout-flow wp-block-column-is-layout-flow\" style=\"flex-basis: 34%;\">\n<p class=\"has-neve-link-color-color has-text-color has-link-color wp-elements-08460ba463c71829e53bf523056d711d\">Un espectacle de titelles i objectes amb m\u00fasica en directe on l&#8217;espectador podr\u00e0 gaudir amb la tendresa de Gloria Fuertes. Coleta i Pelines, l&#8217;aranya d&#8217;Espanya, La fada encaramel\u00b7lada, La ratolina Tenta, el caragol col-col, la bruixota bambolla\u2026 personatges extrets de la literatura de Gloria Fuertes cobraran vida en este divertit compte amb els elements t\u00edpics d&#8217;un espectacle de titelles: amagatall, persecucions, colps i molta participaci\u00f3 del p\u00fablic.<\/p>\n\n\n<hr class=\"wp-block-separator has-alpha-channel-opacity\" \/>\n\n\n<p class=\"has-neve-link-color-color has-text-color has-link-color wp-elements-74c8106cf656444d3acc1d0b4da9caf0\">La companyia naix al setembre del 2013 amb el nom de Titelles de conte com a projecte en solitari d&#8217;Elisa M. Matall\u00edn, qui va heretar del seu avi, mestre i titellaire la seua afici\u00f3 per escoltar i contar hist\u00f2ries. Els seus estudis universitaris li van permetre con\u00e9ixer els contes impresos i fins a estudiar-los, per\u00f2 el que de veritat la va convertir en narradora va ser contar per als seus fills i descobrir que les hist\u00f2ries sempre s&#8217;han de comptar amb amor. Des del 2020 passa a dir-se Titelles La Matallina.<\/p>\n\n\n<div class=\"wp-block-buttons is-layout-flex wp-block-buttons-is-layout-flex\">\n<\/div>\n\n\n<hr class=\"wp-block-separator has-css-opacity is-style-wide\" \/>\n\n<\/div>\n\n<\/div>\n\n\n<div class=\"wp-block-spacer\" style=\"height: 40px;\" aria-hidden=\"true\">\u00a0<\/div>\n\n<\/div><\/div>\n\n<\/div>\n<\/div>\n\n<p>&nbsp;<\/p>\n<p>[\/vc_column_text][\/vc_column][\/vc_row]<\/p>\n","protected":false},"excerpt":{"rendered":"<p>[vc_row][vc_column][vc_column_text] CANASTRETA DE CONTES T\u00cdTERES LA MATALLINA &nbsp; [\/vc_column_text][\/vc_column][\/vc_row]<\/p>\n","protected":false},"author":1,"featured_media":0,"parent":0,"menu_order":0,"comment_status":"closed","ping_status":"closed","template":"","meta":{"neve_meta_sidebar":"default","neve_meta_container":"","neve_meta_enable_content_width":"on","neve_meta_content_width":100,"neve_meta_title_alignment":"","neve_meta_author_avatar":"","neve_post_elements_order":"","neve_meta_disable_header":"","neve_meta_disable_footer":"","neve_meta_disable_title":"on","_vp_format_video_url":"","_vp_image_focal_point":[],"footnotes":""},"class_list":["post-409","page","type-page","status-publish","hentry"],"_links":{"self":[{"href":"https:\/\/imatges.mancovall.com\/mit39\/wp-json\/wp\/v2\/pages\/409","targetHints":{"allow":["GET"]}}],"collection":[{"href":"https:\/\/imatges.mancovall.com\/mit39\/wp-json\/wp\/v2\/pages"}],"about":[{"href":"https:\/\/imatges.mancovall.com\/mit39\/wp-json\/wp\/v2\/types\/page"}],"author":[{"embeddable":true,"href":"https:\/\/imatges.mancovall.com\/mit39\/wp-json\/wp\/v2\/users\/1"}],"replies":[{"embeddable":true,"href":"https:\/\/imatges.mancovall.com\/mit39\/wp-json\/wp\/v2\/comments?post=409"}],"version-history":[{"count":11,"href":"https:\/\/imatges.mancovall.com\/mit39\/wp-json\/wp\/v2\/pages\/409\/revisions"}],"predecessor-version":[{"id":912,"href":"https:\/\/imatges.mancovall.com\/mit39\/wp-json\/wp\/v2\/pages\/409\/revisions\/912"}],"wp:attachment":[{"href":"https:\/\/imatges.mancovall.com\/mit39\/wp-json\/wp\/v2\/media?parent=409"}],"curies":[{"name":"wp","href":"https:\/\/api.w.org\/{rel}","templated":true}]}}

TÍTERES LA MATALLINA

<p>[vc_row][vc_column][vc_column_text]</p>
<h1 class="wp-block-heading"><mark class="has-inline-color has-neve-link-hover-color-color" style="background-color: rgba(0, 0, 0, 0);">CANASTRETA DE CONTES</mark></h1>


<h2 class="wp-block-heading">TÍTERES LA MATALLINA</h2>


<div class="wp-block-cover alignfull" style="min-height: 600px;aspect-ratio:unset;">
<p>&nbsp;</p>
<div class="wp-block-cover__inner-container is-layout-flow wp-block-cover-is-layout-flow">
<div class="wp-block-group"><div class="wp-block-group__inner-container is-layout-flow wp-block-group-is-layout-flow">
<div class="wp-block-spacer" style="height: 1px;" aria-hidden="true"> </div>


<div class="wp-block-spacer" style="height: 100px;" aria-hidden="true"> </div>


<div class="wp-block-columns is-layout-flex wp-container-core-columns-is-layout-1 wp-block-columns-is-layout-flex">
<div class="wp-block-column is-layout-flow wp-block-column-is-layout-flow" style="flex-basis: 66.79%;">
<figure class="wp-block-image size-full"><img decoding="async" width="600" height="600" class="wp-image-849" src="https://imatges.mancovall.com/mit39/wp-content/uploads/2024/10/1_0004_CANASTRETA.jpg" alt="" srcset="https://imatges.mancovall.com/mit39/wp-content/uploads/2024/10/1_0004_CANASTRETA.jpg 600w, https://imatges.mancovall.com/mit39/wp-content/uploads/2024/10/1_0004_CANASTRETA-300x300.jpg 300w, https://imatges.mancovall.com/mit39/wp-content/uploads/2024/10/1_0004_CANASTRETA-150x150.jpg 150w, https://imatges.mancovall.com/mit39/wp-content/uploads/2024/10/1_0004_CANASTRETA-500x500.jpg 500w, https://imatges.mancovall.com/mit39/wp-content/uploads/2024/10/1_0004_CANASTRETA-100x100.jpg 100w" sizes="(max-width: 600px) 100vw, 600px" /></figure>


<div class="wp-block-buttons is-layout-flex wp-block-buttons-is-layout-flex">
<div class="wp-block-button is-style-secondary"><a class="wp-block-button__link wp-element-button" style="border-radius: 50px;" href="https://imatges.mancovall.com/mit39/">← Tornar</a></div>

</div>


<div class="wp-block-spacer" style="height: 40px;" aria-hidden="true"> </div>

</div>


<div class="wp-block-column is-layout-flow wp-block-column-is-layout-flow" style="flex-basis: 34%;">
<p class="has-neve-link-color-color has-text-color has-link-color wp-elements-08460ba463c71829e53bf523056d711d">Un espectacle de titelles i objectes amb música en directe on l&#8217;espectador podrà gaudir amb la tendresa de Gloria Fuertes. Coleta i Pelines, l&#8217;aranya d&#8217;Espanya, La fada encaramel·lada, La ratolina Tenta, el caragol col-col, la bruixota bambolla… personatges extrets de la literatura de Gloria Fuertes cobraran vida en este divertit compte amb els elements típics d&#8217;un espectacle de titelles: amagatall, persecucions, colps i molta participació del públic.</p>


<hr class="wp-block-separator has-alpha-channel-opacity" />


<p class="has-neve-link-color-color has-text-color has-link-color wp-elements-74c8106cf656444d3acc1d0b4da9caf0">La companyia naix al setembre del 2013 amb el nom de Titelles de conte com a projecte en solitari d&#8217;Elisa M. Matallín, qui va heretar del seu avi, mestre i titellaire la seua afició per escoltar i contar històries. Els seus estudis universitaris li van permetre conéixer els contes impresos i fins a estudiar-los, però el que de veritat la va convertir en narradora va ser contar per als seus fills i descobrir que les històries sempre s&#8217;han de comptar amb amor. Des del 2020 passa a dir-se Titelles La Matallina.</p>


<div class="wp-block-buttons is-layout-flex wp-block-buttons-is-layout-flex">
</div>


<hr class="wp-block-separator has-css-opacity is-style-wide" />

</div>

</div>


<div class="wp-block-spacer" style="height: 40px;" aria-hidden="true"> </div>

</div></div>

</div>
</div>

<p>&nbsp;</p>
<p>[/vc_column_text][/vc_column][/vc_row]</p>

<p>[vc_row][vc_column][vc_column_text] CANASTRETA DE CONTES TÍTERES LA MATALLINA &nbsp; [/vc_column_text][/vc_column][/vc_row]</p>
