{"id":406,"date":"2021-09-22T15:07:56","date_gmt":"2021-09-22T15:07:56","guid":{"rendered":"http:\/\/mostratitelles.com\/mit36\/?page_id=406"},"modified":"2024-10-31T17:33:25","modified_gmt":"2024-10-31T17:33:25","slug":"15c42-web-agency-gb-portfolio-single-copy-copy","status":"publish","type":"page","link":"https:\/\/imatges.mancovall.com\/mit39\/15c42-web-agency-gb-portfolio-single-copy-copy\/","title":{"rendered":"LA FAM (COMUNIDAD VALENCIANA)"},"content":{"rendered":"<p>[vc_row][vc_column][vc_column_text]<\/p>\n<h1 class=\"wp-block-heading\"><mark class=\"has-inline-color has-neve-link-hover-color-color\" style=\"background-color: rgba(0, 0, 0, 0);\">AMBULANT<\/mark><\/h1>\n\n\n<h2 class=\"wp-block-heading\">LA FAM (COMUNIDAD VALENCIANA)<\/h2>\n\n\n<div class=\"wp-block-cover alignfull\" style=\"min-height: 600px;aspect-ratio:unset;\">\n<p>&nbsp;<\/p>\n<div class=\"wp-block-cover__inner-container is-layout-flow wp-block-cover-is-layout-flow\">\n<div class=\"wp-block-group\"><div class=\"wp-block-group__inner-container is-layout-flow wp-block-group-is-layout-flow\">\n<div class=\"wp-block-spacer\" style=\"height: 1px;\" aria-hidden=\"true\">\u00a0<\/div>\n\n\n<div class=\"wp-block-spacer\" style=\"height: 100px;\" aria-hidden=\"true\">\u00a0<\/div>\n\n\n<div class=\"wp-block-columns is-layout-flex wp-container-core-columns-is-layout-1 wp-block-columns-is-layout-flex\">\n<div class=\"wp-block-column is-layout-flow wp-block-column-is-layout-flow\" style=\"flex-basis: 66.79%;\">\n<figure class=\"wp-block-image size-full is-resized\"><img decoding=\"async\" width=\"600\" height=\"600\" class=\"wp-image-858\" style=\"width: 693px; height: 693px;\" src=\"https:\/\/imatges.mancovall.com\/mit39\/wp-content\/uploads\/2024\/10\/1_0013_AMBULANT.jpg\" alt=\"\" srcset=\"https:\/\/imatges.mancovall.com\/mit39\/wp-content\/uploads\/2024\/10\/1_0013_AMBULANT.jpg 600w, https:\/\/imatges.mancovall.com\/mit39\/wp-content\/uploads\/2024\/10\/1_0013_AMBULANT-300x300.jpg 300w, https:\/\/imatges.mancovall.com\/mit39\/wp-content\/uploads\/2024\/10\/1_0013_AMBULANT-150x150.jpg 150w, https:\/\/imatges.mancovall.com\/mit39\/wp-content\/uploads\/2024\/10\/1_0013_AMBULANT-500x500.jpg 500w, https:\/\/imatges.mancovall.com\/mit39\/wp-content\/uploads\/2024\/10\/1_0013_AMBULANT-100x100.jpg 100w\" sizes=\"(max-width: 600px) 100vw, 600px\" \/><\/figure>\n\n\n<div class=\"wp-block-buttons is-layout-flex wp-block-buttons-is-layout-flex\">\n<div class=\"wp-block-button is-style-secondary\"><a class=\"wp-block-button__link wp-element-button\" style=\"border-radius: 50px;\" href=\"https:\/\/imatges.mancovall.com\/mit39\/\">\u2190 Tornar<\/a><\/div>\n\n<\/div>\n\n\n<div class=\"wp-block-spacer\" style=\"height: 40px;\" aria-hidden=\"true\">\u00a0<\/div>\n\n<\/div>\n\n\n<div class=\"wp-block-column is-layout-flow wp-block-column-is-layout-flow\" style=\"flex-basis: 34%;\">\n<p class=\"has-neve-link-color-color has-text-color has-link-color wp-elements-0acda08162bf4bd683314c18c769cfea\">Un xicotet i pintoresc circ acaba d&#8217;arribar a la ciutat despr\u00e9s de rec\u00f3rrer centenars de quil\u00f2metres amb els seus carros carregats de maletes i baguls. Busquen el lloc idoni en el qual instal\u00b7lar-se. Ning\u00fa sap d&#8217;on venen, per\u00f2 conten que entre els seus membres estan alguns dels m\u00e9s virtuosos artistes de l&#8217;espectacle.<\/p>\n<p>Artistes i m\u00fasics munten i preparen en directe tota l&#8217;escenografia per a la funci\u00f3. El circ \u00e9s una gran fam\u00edlia en la qual conviuen junts, mengen junts, dormen junts\u2026 s&#8217;enamoren, discutixen, ballen, juguen, es barallen\u2026 \u2026junts.<\/p>\n<p>Ambulant \u00e9s un espectacle circense de sala de gran format, dirigit pel reconegut director Adrian Schvarzstein, i que combina la m\u00fasica en directe amb una elaborada posada en escena.<\/p>\n<p>Ambulant \u00e9s un homenatge als \u00faltims circs cl\u00e0ssics de principis del segle XX. Una proposta po\u00e8tica i intimista que versa al voltant de la idea del viatge a cap part.<\/p>\n\n\n<p class=\"has-neve-link-color-color has-text-color\"><\/p>\n\n<hr class=\"wp-block-separator has-css-opacity is-style-wide\" \/>\n<p class=\"has-neve-link-color-color has-text-color\"><\/p>\n\n<p class=\"has-neve-link-color-color has-text-color has-link-color wp-elements-dcd43270995fd436dc38524b746df3a4\">LA FAM Teatre \u00e9s una companyia de teatre de carrer que naix l&#8217;any 2014 a la ciutat de Vila-real (Castell\u00f3) de la inquietud d&#8217;un experimentat equip d&#8217;actors, actrius i m\u00fasics amb la intenci\u00f3 de treballar nous codis i est\u00e8tiques esc\u00e8niques que transformen el carrer en un espai no convencional.<\/p>\n<p>En l&#8217;\u00e0mbit de producci\u00f3 d&#8217;esdeveniments i produccions esc\u00e8niques, la companyia ha treballat colze a colze amb la Junta Central Fallera de Val\u00e8ncia per a la realitzaci\u00f3 d&#8217;esdeveniments com l&#8217;ACTE D&#8217;ELECCI\u00d3 DE LA CORT D&#8217;HONOR I FALLERA MAJOR DE VAL\u00c8NCIA 2017, 2018, 2019 i 2020 en el pavell\u00f3 poliesportiu Font de Sant Llu\u00eds i \u201cLA CRIDA DELS FALLES\u201d 2018, 2019 i 2020 a les Torres de Serrans. Tamb\u00e9 amb la Junta de Festes de Castell\u00f3 per a la realitzaci\u00f3 del MAGDALENA V\u00cdTOL! acte de clausura de les Festes de la Magdalena de Castell\u00f3 2017 i 2018.<\/p>\n<p>Tamb\u00e9 ha produ\u00eft esdeveniments especials com \u201cLLIRIA EST EDETA\u201d, espectacle inaugural de les Festes de San Miquel amb motiu del 100 aniversari del descobriment del Mosaic d&#8217;H\u00e8rcules a Ll\u00edria (Val\u00e8ncia), \u201cJAUME I\u201d a Salou (Tarragona) 2017 i 2018, \u201c<em>ODYSSEUS\u201d a les Festes Patronals d&#8217;Onda (Castell\u00f3), \u201cEL MIRACLE DE L&#8217;<\/em>AIGUA\u201d amb motiu de l&#8217;Any Vicentino a Ll\u00edria (Val\u00e8ncia), \u201c30 ANIVERSARI DEL TEATRE GUERRA\u201d, espectacle commemoratiu dels 30 anys del Teatre Guerra de Lorca, \u201c*TALAIA, TERRA DE PIRATES\u201d, espectacle commemoratiu del 4t centenari de l&#8217;atac pirata a Oropesa i EXPOJOVE 2017, 2018 i 2019 (Fira de la Inf\u00e0ncia i la Joventut de Val\u00e8ncia).<\/p>\n<p>A m\u00e9s, LA FAM ha dirigit art\u00edsticament desfilades com la \u201cCercafira\u201d de la Fira de Juliol de Val\u00e8ncia i la direcci\u00f3 art\u00edstica i la producci\u00f3 \u00edntegra de la CAVALCADA DE REIS de Val\u00e8ncia 2017, 2018, 2019 i 2020.<\/p>\n\n<\/div>\n\n<\/div>\n\n\n<div class=\"wp-block-spacer\" style=\"height: 40px;\" aria-hidden=\"true\">\u00a0<\/div>\n\n<\/div><\/div>\n\n<\/div>\n<\/div>\n\n<p>&nbsp;<\/p>\n<p>[\/vc_column_text][\/vc_column][\/vc_row]<\/p>\n","protected":false},"excerpt":{"rendered":"<p>[vc_row][vc_column][vc_column_text] AMBULANT LA FAM (COMUNIDAD VALENCIANA) &nbsp; [\/vc_column_text][\/vc_column][\/vc_row]<\/p>\n","protected":false},"author":1,"featured_media":0,"parent":0,"menu_order":0,"comment_status":"closed","ping_status":"closed","template":"","meta":{"neve_meta_sidebar":"default","neve_meta_container":"","neve_meta_enable_content_width":"on","neve_meta_content_width":100,"neve_meta_title_alignment":"","neve_meta_author_avatar":"","neve_post_elements_order":"","neve_meta_disable_header":"","neve_meta_disable_footer":"","neve_meta_disable_title":"on","_vp_format_video_url":"","_vp_image_focal_point":[],"footnotes":""},"class_list":["post-406","page","type-page","status-publish","hentry"],"_links":{"self":[{"href":"https:\/\/imatges.mancovall.com\/mit39\/wp-json\/wp\/v2\/pages\/406","targetHints":{"allow":["GET"]}}],"collection":[{"href":"https:\/\/imatges.mancovall.com\/mit39\/wp-json\/wp\/v2\/pages"}],"about":[{"href":"https:\/\/imatges.mancovall.com\/mit39\/wp-json\/wp\/v2\/types\/page"}],"author":[{"embeddable":true,"href":"https:\/\/imatges.mancovall.com\/mit39\/wp-json\/wp\/v2\/users\/1"}],"replies":[{"embeddable":true,"href":"https:\/\/imatges.mancovall.com\/mit39\/wp-json\/wp\/v2\/comments?post=406"}],"version-history":[{"count":8,"href":"https:\/\/imatges.mancovall.com\/mit39\/wp-json\/wp\/v2\/pages\/406\/revisions"}],"predecessor-version":[{"id":908,"href":"https:\/\/imatges.mancovall.com\/mit39\/wp-json\/wp\/v2\/pages\/406\/revisions\/908"}],"wp:attachment":[{"href":"https:\/\/imatges.mancovall.com\/mit39\/wp-json\/wp\/v2\/media?parent=406"}],"curies":[{"name":"wp","href":"https:\/\/api.w.org\/{rel}","templated":true}]}}

<p>[vc_row][vc_column][vc_column_text]</p>
<h1 class="wp-block-heading"><mark class="has-inline-color has-neve-link-hover-color-color" style="background-color: rgba(0, 0, 0, 0);">AMBULANT</mark></h1>


<h2 class="wp-block-heading">LA FAM (COMUNIDAD VALENCIANA)</h2>


<div class="wp-block-cover alignfull" style="min-height: 600px;aspect-ratio:unset;">
<p>&nbsp;</p>
<div class="wp-block-cover__inner-container is-layout-flow wp-block-cover-is-layout-flow">
<div class="wp-block-group"><div class="wp-block-group__inner-container is-layout-flow wp-block-group-is-layout-flow">
<div class="wp-block-spacer" style="height: 1px;" aria-hidden="true"> </div>


<div class="wp-block-spacer" style="height: 100px;" aria-hidden="true"> </div>


<div class="wp-block-columns is-layout-flex wp-container-core-columns-is-layout-1 wp-block-columns-is-layout-flex">
<div class="wp-block-column is-layout-flow wp-block-column-is-layout-flow" style="flex-basis: 66.79%;">
<figure class="wp-block-image size-full is-resized"><img decoding="async" width="600" height="600" class="wp-image-858" style="width: 693px; height: 693px;" src="https://imatges.mancovall.com/mit39/wp-content/uploads/2024/10/1_0013_AMBULANT.jpg" alt="" srcset="https://imatges.mancovall.com/mit39/wp-content/uploads/2024/10/1_0013_AMBULANT.jpg 600w, https://imatges.mancovall.com/mit39/wp-content/uploads/2024/10/1_0013_AMBULANT-300x300.jpg 300w, https://imatges.mancovall.com/mit39/wp-content/uploads/2024/10/1_0013_AMBULANT-150x150.jpg 150w, https://imatges.mancovall.com/mit39/wp-content/uploads/2024/10/1_0013_AMBULANT-500x500.jpg 500w, https://imatges.mancovall.com/mit39/wp-content/uploads/2024/10/1_0013_AMBULANT-100x100.jpg 100w" sizes="(max-width: 600px) 100vw, 600px" /></figure>


<div class="wp-block-buttons is-layout-flex wp-block-buttons-is-layout-flex">
<div class="wp-block-button is-style-secondary"><a class="wp-block-button__link wp-element-button" style="border-radius: 50px;" href="https://imatges.mancovall.com/mit39/">← Tornar</a></div>

</div>


<div class="wp-block-spacer" style="height: 40px;" aria-hidden="true"> </div>

</div>


<div class="wp-block-column is-layout-flow wp-block-column-is-layout-flow" style="flex-basis: 34%;">
<p class="has-neve-link-color-color has-text-color has-link-color wp-elements-0acda08162bf4bd683314c18c769cfea">Un xicotet i pintoresc circ acaba d&#8217;arribar a la ciutat després de recórrer centenars de quilòmetres amb els seus carros carregats de maletes i baguls. Busquen el lloc idoni en el qual instal·lar-se. Ningú sap d&#8217;on venen, però conten que entre els seus membres estan alguns dels més virtuosos artistes de l&#8217;espectacle.</p>
<p>Artistes i músics munten i preparen en directe tota l&#8217;escenografia per a la funció. El circ és una gran família en la qual conviuen junts, mengen junts, dormen junts… s&#8217;enamoren, discutixen, ballen, juguen, es barallen… …junts.</p>
<p>Ambulant és un espectacle circense de sala de gran format, dirigit pel reconegut director Adrian Schvarzstein, i que combina la música en directe amb una elaborada posada en escena.</p>
<p>Ambulant és un homenatge als últims circs clàssics de principis del segle XX. Una proposta poètica i intimista que versa al voltant de la idea del viatge a cap part.</p>


<p class="has-neve-link-color-color has-text-color"></p>

<hr class="wp-block-separator has-css-opacity is-style-wide" />
<p class="has-neve-link-color-color has-text-color"></p>

<p class="has-neve-link-color-color has-text-color has-link-color wp-elements-dcd43270995fd436dc38524b746df3a4">LA FAM Teatre és una companyia de teatre de carrer que naix l&#8217;any 2014 a la ciutat de Vila-real (Castelló) de la inquietud d&#8217;un experimentat equip d&#8217;actors, actrius i músics amb la intenció de treballar nous codis i estètiques escèniques que transformen el carrer en un espai no convencional.</p>
<p>En l&#8217;àmbit de producció d&#8217;esdeveniments i produccions escèniques, la companyia ha treballat colze a colze amb la Junta Central Fallera de València per a la realització d&#8217;esdeveniments com l&#8217;ACTE D&#8217;ELECCIÓ DE LA CORT D&#8217;HONOR I FALLERA MAJOR DE VALÈNCIA 2017, 2018, 2019 i 2020 en el pavelló poliesportiu Font de Sant Lluís i “LA CRIDA DELS FALLES” 2018, 2019 i 2020 a les Torres de Serrans. També amb la Junta de Festes de Castelló per a la realització del MAGDALENA VÍTOL! acte de clausura de les Festes de la Magdalena de Castelló 2017 i 2018.</p>
<p>També ha produït esdeveniments especials com “LLIRIA EST EDETA”, espectacle inaugural de les Festes de San Miquel amb motiu del 100 aniversari del descobriment del Mosaic d&#8217;Hèrcules a Llíria (València), “JAUME I” a Salou (Tarragona) 2017 i 2018, “<em>ODYSSEUS” a les Festes Patronals d&#8217;Onda (Castelló), “EL MIRACLE DE L&#8217;</em>AIGUA” amb motiu de l&#8217;Any Vicentino a Llíria (València), “30 ANIVERSARI DEL TEATRE GUERRA”, espectacle commemoratiu dels 30 anys del Teatre Guerra de Lorca, “*TALAIA, TERRA DE PIRATES”, espectacle commemoratiu del 4t centenari de l&#8217;atac pirata a Oropesa i EXPOJOVE 2017, 2018 i 2019 (Fira de la Infància i la Joventut de València).</p>
<p>A més, LA FAM ha dirigit artísticament desfilades com la “Cercafira” de la Fira de Juliol de València i la direcció artística i la producció íntegra de la CAVALCADA DE REIS de València 2017, 2018, 2019 i 2020.</p>

</div>

</div>


<div class="wp-block-spacer" style="height: 40px;" aria-hidden="true"> </div>

</div></div>

</div>
</div>

<p>&nbsp;</p>
<p>[/vc_column_text][/vc_column][/vc_row]</p>
