{"id":403,"date":"2021-09-22T15:00:51","date_gmt":"2021-09-22T15:00:51","guid":{"rendered":"http:\/\/mostratitelles.com\/mit36\/?page_id=403"},"modified":"2024-10-31T17:32:49","modified_gmt":"2024-10-31T17:32:49","slug":"15c42-web-agency-gb-portfolio-single-copy","status":"publish","type":"page","link":"https:\/\/imatges.mancovall.com\/mit39\/15c42-web-agency-gb-portfolio-single-copy\/","title":{"rendered":"CORIOLIS (URUGUAY)"},"content":{"rendered":"<p>[vc_row][vc_column][vc_column_text]<\/p>\n<h1 class=\"wp-block-heading\" style=\"font-size: 100px;\"><mark class=\"has-inline-color has-neve-link-hover-color-color\" style=\"background-color: rgba(0, 0, 0, 0);\">TRAPOS<\/mark><\/h1>\n\n\n<h2 class=\"wp-block-heading\"><strong>CORIOLIS (URUGUAY)<\/strong><\/h2>\n\n\n<div class=\"wp-block-cover alignfull\" style=\"min-height: 600px;aspect-ratio:unset;\">\n<p>&nbsp;<\/p>\n<div class=\"wp-block-cover__inner-container is-layout-flow wp-block-cover-is-layout-flow\">\n<div class=\"wp-block-group\"><div class=\"wp-block-group__inner-container is-layout-flow wp-block-group-is-layout-flow\">\n<div class=\"wp-block-spacer\" style=\"height: 1px;\" aria-hidden=\"true\">\u00a0<\/div>\n\n\n<div class=\"wp-block-spacer\" style=\"height: 100px;\" aria-hidden=\"true\">\u00a0<\/div>\n\n\n<div class=\"wp-block-columns is-layout-flex wp-container-core-columns-is-layout-1 wp-block-columns-is-layout-flex\">\n<div class=\"wp-block-column is-layout-flow wp-block-column-is-layout-flow\" style=\"flex-basis: 66.79%;\">\n<figure class=\"wp-block-image size-full\"><img decoding=\"async\" width=\"600\" height=\"600\" class=\"wp-image-847\" src=\"https:\/\/imatges.mancovall.com\/mit39\/wp-content\/uploads\/2024\/10\/1_0002_TRAPOS.jpg\" alt=\"\" srcset=\"https:\/\/imatges.mancovall.com\/mit39\/wp-content\/uploads\/2024\/10\/1_0002_TRAPOS.jpg 600w, https:\/\/imatges.mancovall.com\/mit39\/wp-content\/uploads\/2024\/10\/1_0002_TRAPOS-300x300.jpg 300w, https:\/\/imatges.mancovall.com\/mit39\/wp-content\/uploads\/2024\/10\/1_0002_TRAPOS-150x150.jpg 150w, https:\/\/imatges.mancovall.com\/mit39\/wp-content\/uploads\/2024\/10\/1_0002_TRAPOS-500x500.jpg 500w, https:\/\/imatges.mancovall.com\/mit39\/wp-content\/uploads\/2024\/10\/1_0002_TRAPOS-100x100.jpg 100w\" sizes=\"(max-width: 600px) 100vw, 600px\" \/><\/figure>\n\n\n<div class=\"wp-block-buttons is-layout-flex wp-block-buttons-is-layout-flex\">\n<div class=\"wp-block-button is-style-secondary\"><a class=\"wp-block-button__link wp-element-button\" style=\"border-radius: 50px;\" href=\"https:\/\/imatges.mancovall.com\/mit39\/\">\u2190 Tornar<\/a><\/div>\n\n<\/div>\n\n\n<div class=\"wp-block-spacer\" style=\"height: 40px;\" aria-hidden=\"true\">\u00a0<\/div>\n\n<\/div>\n\n\n<div class=\"wp-block-column is-layout-flow wp-block-column-is-layout-flow\" style=\"flex-basis: 34%;\">\n<p class=\"has-neve-link-color-color has-text-color has-link-color wp-elements-2fd6ca968ebab312d6778f1fa681124d\">Espectacle de manipulaci\u00f3 directa sobre taula, sense text parlat, per a tot el p\u00fablic. Tres ancians i un gos vs la mort.<br \/>L&#8217;obra es desenvolupa en el transcurs d&#8217;un any. Les estacions se succe\u00efxen entorn d&#8217;un banc d\u2019una pla\u00e7a.<\/p>\n<p>En ell, tres octogenaris i un gos sense escr\u00fapols s\u00f3n part\u00edcips de situacions on han de lluitar per conviure en harmonia (o no).<\/p>\n<p>Per\u00f2 en este \u00e0mbit quotidi\u00e0 de problemes i conflictes simples es presenta un problema major amb el qual han de bregar durant tota l&#8217;obra, la mort.<\/p>\n<p>Un personatge peculiar que els observa, aguaita i confronta durant tot l&#8217;espectacle intentant atrapar-los i portar-los.<br \/>Els ancians i el gos intenten evadir-la, fugir-li, ignorar-la i confrontar-la per a poder seguir.<\/p>\n<p>Les escenes transcorren per moments i conflictes simples i alhora profunds, que ens remeten a la fragilitat humana, els costums, els h\u00e0bits, el gaudi per les xicotetes coses, els enutjos, l&#8217;amistat, la toler\u00e0ncia, l&#8217;humor, la m\u00fasica i la soledat.<\/p>\n\n\n<p class=\"has-neve-link-color-color has-text-color\"><\/p>\n\n<hr class=\"wp-block-separator has-alpha-channel-opacity\" \/>\n<p class=\"has-neve-link-color-color has-text-color\"><\/p>\n\n<p class=\"has-neve-link-color-color has-text-color has-link-color wp-elements-898043fcd2f731b6c6100b4c4c6af50d\">La Companyia uruguaiana es crea en el 2014 amb el prop\u00f2sit d&#8217;investigar, experimentar i produir espectacles de teatre visual i d&#8217;objectes amb perfil teatral, en diverses t\u00e8cniques i llenguatges.<\/p>\n<p>Els seus espectacles s&#8217;han presentat a Fran\u00e7a, Espanya, Portugal, Su\u00efssa, el Canad\u00e0, Xile, el Brasil, l&#8217;Argentina, Col\u00f2mbia, M\u00e8xic i l&#8217;Uruguai.<\/p>\n<p>Ha rebut premis, reconeixements i mencions a nivell nacional i internacional i els seus espectacles van ser seleccionats a infinitat de festivals, cicles, temporades, fons culturals i gires.<\/p>\n<p>Amb la seua obra \u201cManual\u201d han sigut seleccionats en la PROGRAMACI\u00d3 IN del Festival Mondial des Th\u00e9\u00e2tres de Marionettes de Charleville M\u00e9ziere 2023.<\/p>\n<p class=\"has-neve-link-color-color has-text-color\"><\/p>\n\n<p class=\"has-neve-link-color-color has-text-color\"><\/p>\n\n<div class=\"wp-block-buttons is-layout-flex wp-block-buttons-is-layout-flex\">\n<\/div>\n<p class=\"has-neve-link-color-color has-text-color\"><\/p>\n\n<hr class=\"wp-block-separator has-css-opacity is-style-wide\" \/>\n\n<\/div>\n\n<\/div>\n\n\n<div class=\"wp-block-spacer\" style=\"height: 40px;\" aria-hidden=\"true\">\u00a0<\/div>\n\n<\/div><\/div>\n\n<\/div>\n<\/div>\n\n<p>&nbsp;<\/p>\n<p>[\/vc_column_text][\/vc_column][\/vc_row]<\/p>\n","protected":false},"excerpt":{"rendered":"<p>[vc_row][vc_column][vc_column_text] TRAPOS CORIOLIS (URUGUAY) &nbsp; [\/vc_column_text][\/vc_column][\/vc_row]<\/p>\n","protected":false},"author":1,"featured_media":0,"parent":0,"menu_order":0,"comment_status":"closed","ping_status":"closed","template":"","meta":{"neve_meta_sidebar":"default","neve_meta_container":"","neve_meta_enable_content_width":"on","neve_meta_content_width":100,"neve_meta_title_alignment":"","neve_meta_author_avatar":"","neve_post_elements_order":"","neve_meta_disable_header":"","neve_meta_disable_footer":"","neve_meta_disable_title":"on","_vp_format_video_url":"","_vp_image_focal_point":[],"footnotes":""},"class_list":["post-403","page","type-page","status-publish","hentry"],"_links":{"self":[{"href":"https:\/\/imatges.mancovall.com\/mit39\/wp-json\/wp\/v2\/pages\/403","targetHints":{"allow":["GET"]}}],"collection":[{"href":"https:\/\/imatges.mancovall.com\/mit39\/wp-json\/wp\/v2\/pages"}],"about":[{"href":"https:\/\/imatges.mancovall.com\/mit39\/wp-json\/wp\/v2\/types\/page"}],"author":[{"embeddable":true,"href":"https:\/\/imatges.mancovall.com\/mit39\/wp-json\/wp\/v2\/users\/1"}],"replies":[{"embeddable":true,"href":"https:\/\/imatges.mancovall.com\/mit39\/wp-json\/wp\/v2\/comments?post=403"}],"version-history":[{"count":13,"href":"https:\/\/imatges.mancovall.com\/mit39\/wp-json\/wp\/v2\/pages\/403\/revisions"}],"predecessor-version":[{"id":907,"href":"https:\/\/imatges.mancovall.com\/mit39\/wp-json\/wp\/v2\/pages\/403\/revisions\/907"}],"wp:attachment":[{"href":"https:\/\/imatges.mancovall.com\/mit39\/wp-json\/wp\/v2\/media?parent=403"}],"curies":[{"name":"wp","href":"https:\/\/api.w.org\/{rel}","templated":true}]}}

<p>[vc_row][vc_column][vc_column_text]</p>
<h1 class="wp-block-heading" style="font-size: 100px;"><mark class="has-inline-color has-neve-link-hover-color-color" style="background-color: rgba(0, 0, 0, 0);">TRAPOS</mark></h1>


<h2 class="wp-block-heading"><strong>CORIOLIS (URUGUAY)</strong></h2>


<div class="wp-block-cover alignfull" style="min-height: 600px;aspect-ratio:unset;">
<p>&nbsp;</p>
<div class="wp-block-cover__inner-container is-layout-flow wp-block-cover-is-layout-flow">
<div class="wp-block-group"><div class="wp-block-group__inner-container is-layout-flow wp-block-group-is-layout-flow">
<div class="wp-block-spacer" style="height: 1px;" aria-hidden="true"> </div>


<div class="wp-block-spacer" style="height: 100px;" aria-hidden="true"> </div>


<div class="wp-block-columns is-layout-flex wp-container-core-columns-is-layout-1 wp-block-columns-is-layout-flex">
<div class="wp-block-column is-layout-flow wp-block-column-is-layout-flow" style="flex-basis: 66.79%;">
<figure class="wp-block-image size-full"><img decoding="async" width="600" height="600" class="wp-image-847" src="https://imatges.mancovall.com/mit39/wp-content/uploads/2024/10/1_0002_TRAPOS.jpg" alt="" srcset="https://imatges.mancovall.com/mit39/wp-content/uploads/2024/10/1_0002_TRAPOS.jpg 600w, https://imatges.mancovall.com/mit39/wp-content/uploads/2024/10/1_0002_TRAPOS-300x300.jpg 300w, https://imatges.mancovall.com/mit39/wp-content/uploads/2024/10/1_0002_TRAPOS-150x150.jpg 150w, https://imatges.mancovall.com/mit39/wp-content/uploads/2024/10/1_0002_TRAPOS-500x500.jpg 500w, https://imatges.mancovall.com/mit39/wp-content/uploads/2024/10/1_0002_TRAPOS-100x100.jpg 100w" sizes="(max-width: 600px) 100vw, 600px" /></figure>


<div class="wp-block-buttons is-layout-flex wp-block-buttons-is-layout-flex">
<div class="wp-block-button is-style-secondary"><a class="wp-block-button__link wp-element-button" style="border-radius: 50px;" href="https://imatges.mancovall.com/mit39/">← Tornar</a></div>

</div>


<div class="wp-block-spacer" style="height: 40px;" aria-hidden="true"> </div>

</div>


<div class="wp-block-column is-layout-flow wp-block-column-is-layout-flow" style="flex-basis: 34%;">
<p class="has-neve-link-color-color has-text-color has-link-color wp-elements-2fd6ca968ebab312d6778f1fa681124d">Espectacle de manipulació directa sobre taula, sense text parlat, per a tot el públic. Tres ancians i un gos vs la mort.<br />L&#8217;obra es desenvolupa en el transcurs d&#8217;un any. Les estacions se succeïxen entorn d&#8217;un banc d’una plaça.</p>
<p>En ell, tres octogenaris i un gos sense escrúpols són partícips de situacions on han de lluitar per conviure en harmonia (o no).</p>
<p>Però en este àmbit quotidià de problemes i conflictes simples es presenta un problema major amb el qual han de bregar durant tota l&#8217;obra, la mort.</p>
<p>Un personatge peculiar que els observa, aguaita i confronta durant tot l&#8217;espectacle intentant atrapar-los i portar-los.<br />Els ancians i el gos intenten evadir-la, fugir-li, ignorar-la i confrontar-la per a poder seguir.</p>
<p>Les escenes transcorren per moments i conflictes simples i alhora profunds, que ens remeten a la fragilitat humana, els costums, els hàbits, el gaudi per les xicotetes coses, els enutjos, l&#8217;amistat, la tolerància, l&#8217;humor, la música i la soledat.</p>


<p class="has-neve-link-color-color has-text-color"></p>

<hr class="wp-block-separator has-alpha-channel-opacity" />
<p class="has-neve-link-color-color has-text-color"></p>

<p class="has-neve-link-color-color has-text-color has-link-color wp-elements-898043fcd2f731b6c6100b4c4c6af50d">La Companyia uruguaiana es crea en el 2014 amb el propòsit d&#8217;investigar, experimentar i produir espectacles de teatre visual i d&#8217;objectes amb perfil teatral, en diverses tècniques i llenguatges.</p>
<p>Els seus espectacles s&#8217;han presentat a França, Espanya, Portugal, Suïssa, el Canadà, Xile, el Brasil, l&#8217;Argentina, Colòmbia, Mèxic i l&#8217;Uruguai.</p>
<p>Ha rebut premis, reconeixements i mencions a nivell nacional i internacional i els seus espectacles van ser seleccionats a infinitat de festivals, cicles, temporades, fons culturals i gires.</p>
<p>Amb la seua obra “Manual” han sigut seleccionats en la PROGRAMACIÓ IN del Festival Mondial des Théâtres de Marionettes de Charleville Méziere 2023.</p>
<p class="has-neve-link-color-color has-text-color"></p>

<p class="has-neve-link-color-color has-text-color"></p>

<div class="wp-block-buttons is-layout-flex wp-block-buttons-is-layout-flex">
</div>
<p class="has-neve-link-color-color has-text-color"></p>

<hr class="wp-block-separator has-css-opacity is-style-wide" />

</div>

</div>


<div class="wp-block-spacer" style="height: 40px;" aria-hidden="true"> </div>

</div></div>

</div>
</div>

<p>&nbsp;</p>
<p>[/vc_column_text][/vc_column][/vc_row]</p>
